CRAN Package Check Results for Package haplo.stats

Last updated on 2017-12-12 00:46:46 CET.

Flavor Version Tinstall Tcheck Ttotal Status Flags
r-devel-linux-x86_64-debian-clang 1.7.7 8.52 169.66 178.18 NOTE
r-devel-linux-x86_64-debian-gcc 1.7.7 8.04 156.90 164.94 NOTE
r-devel-linux-x86_64-fedora-clang 1.7.7 253.41 NOTE
r-devel-linux-x86_64-fedora-gcc 1.7.7 255.10 NOTE
r-devel-windows-ix86+x86_64 1.7.7 37.00 328.00 365.00 OK
r-patched-linux-x86_64 1.7.7 8.46 205.70 214.16 NOTE
r-patched-solaris-x86 1.7.7 500.50 OK
r-release-linux-x86_64 1.7.7 9.31 206.61 215.92 NOTE
r-release-windows-ix86+x86_64 1.7.7 26.00 328.00 354.00 OK
r-release-osx-x86_64 1.7.7 OK
r-oldrel-windows-ix86+x86_64 1.7.7 27.00 414.00 441.00 OK
r-oldrel-osx-x86_64 1.7.7 OK

Check Details

Version: 1.7.7
Check: compiled code
Result: NOTE
    File ‘haplo.stats/libs/haplo.stats.so’:
     Found no calls to: ‘R_registerRoutines’, ‘R_useDynamicSymbols’
    
    It is good practice to register native routines and to disable symbol
    search.
    
    See ‘Writing portable packages’ in the ‘Writing R Extensions’ manual.
Flavors: r-devel-linux-x86_64-debian-clang, r-devel-linux-x86_64-debian-gcc, r-devel-linux-x86_64-fedora-clang, r-devel-linux-x86_64-fedora-gcc, r-patched-linux-x86_64, r-release-linux-x86_64