CRAN Package Check Results for Package haplo.stats

Last updated on 2017-10-22 01:47:00.

Flavor Version Tinstall Tcheck Ttotal Status Flags
r-devel-linux-x86_64-debian-clang 1.7.7 6.55 131.75 138.31 NOTE
r-devel-linux-x86_64-debian-gcc 1.7.7 6.41 144.47 150.88 NOTE
r-devel-linux-x86_64-fedora-clang 1.7.7 274.60 NOTE
r-devel-linux-x86_64-fedora-gcc 1.7.7 274.63 NOTE
r-devel-windows-ix86+x86_64 1.7.7 22.00 397.00 419.00 OK
r-patched-linux-x86_64 1.7.7 6.52 130.07 136.59 NOTE
r-patched-solaris-x86 1.7.7 536.40 OK
r-release-linux-x86_64 1.7.7 6.39 134.48 140.87 NOTE
r-release-windows-ix86+x86_64 1.7.7 34.00 284.00 318.00 OK
r-release-osx-x86_64 1.7.7 OK
r-oldrel-windows-ix86+x86_64 1.7.7 43.00 397.00 440.00 OK
r-oldrel-osx-x86_64 1.7.7 OK

Check Details

Version: 1.7.7
Check: compiled code
Result: NOTE
    File ‘haplo.stats/libs/haplo.stats.so’:
     Found no calls to: ‘R_registerRoutines’, ‘R_useDynamicSymbols’
    
    It is good practice to register native routines and to disable symbol
    search.
    
    See ‘Writing portable packages’ in the ‘Writing R Extensions’ manual.
Flavors: r-devel-linux-x86_64-debian-clang, r-devel-linux-x86_64-debian-gcc, r-devel-linux-x86_64-fedora-clang, r-devel-linux-x86_64-fedora-gcc, r-patched-linux-x86_64, r-release-linux-x86_64