CRAN Package Check Results for Package hBayesDM

Last updated on 2019-11-17 01:48:11 CET.

Flavor Version Tinstall Tcheck Ttotal Status Flags
r-devel-linux-x86_64-debian-clang 1.0.2 28.37 120.02 148.39 NOTE
r-devel-linux-x86_64-debian-gcc 1.0.2 25.91 90.10 116.01 NOTE
r-devel-linux-x86_64-fedora-clang 1.0.2 185.88 NOTE
r-devel-linux-x86_64-fedora-gcc 1.0.2 197.07 NOTE
r-devel-windows-ix86+x86_64 1.0.2 68.00 215.00 283.00 NOTE
r-patched-linux-x86_64 1.0.2 28.82 113.56 142.38 NOTE
r-patched-solaris-x86 1.0.2 239.60 NOTE
r-release-linux-x86_64 1.0.2 27.35 115.39 142.74 NOTE
r-release-windows-ix86+x86_64 1.0.1 45.00 245.00 290.00 NOTE
r-release-osx-x86_64 1.0.2 NOTE
r-oldrel-windows-ix86+x86_64 1.0.2 52.00 187.00 239.00 NOTE
r-oldrel-osx-x86_64 1.0.2 NOTE

Check Details

Version: 1.0.2
Check: for GNU extensions in Makefiles
Result: NOTE
    GNU make is a SystemRequirements.
Flavors: r-devel-linux-x86_64-debian-clang, r-devel-linux-x86_64-debian-gcc, r-devel-linux-x86_64-fedora-clang, r-devel-linux-x86_64-fedora-gcc, r-devel-windows-ix86+x86_64, r-patched-linux-x86_64, r-patched-solaris-x86, r-release-linux-x86_64, r-release-osx-x86_64, r-oldrel-windows-ix86+x86_64, r-oldrel-osx-x86_64

Version: 1.0.1
Check: for GNU extensions in Makefiles
Result: NOTE
    GNU make is a SystemRequirements.
Flavor: r-release-windows-ix86+x86_64