CRAN Package Check Results for Package grf

Last updated on 2019-09-15 01:46:55 CEST.

Flavor Version Tinstall Tcheck Ttotal Status Flags
r-devel-linux-x86_64-debian-clang 0.10.4 156.72 73.84 230.56 NOTE
r-devel-linux-x86_64-debian-gcc 0.10.4 132.14 59.39 191.53 NOTE
r-devel-linux-x86_64-fedora-clang 0.10.4 382.18 NOTE
r-devel-linux-x86_64-fedora-gcc 0.10.4 344.65 NOTE
r-devel-windows-ix86+x86_64 0.10.4 501.00 157.00 658.00 NOTE
r-patched-linux-x86_64 0.10.4 146.33 76.72 223.05 NOTE
r-patched-solaris-x86 0.10.4 331.10 NOTE
r-release-linux-x86_64 0.10.4 151.28 77.87 229.15 NOTE
r-release-windows-ix86+x86_64 0.10.4 344.00 121.00 465.00 NOTE
r-release-osx-x86_64 0.10.4 NOTE
r-oldrel-windows-ix86+x86_64 0.10.4 480.00 117.00 597.00 NOTE
r-oldrel-osx-x86_64 0.10.4 NOTE

Check Details

Version: 0.10.4
Check: for GNU extensions in Makefiles
Result: NOTE
    GNU make is a SystemRequirements.
Flavors: r-devel-linux-x86_64-debian-clang, r-devel-linux-x86_64-debian-gcc, r-devel-linux-x86_64-fedora-clang, r-devel-linux-x86_64-fedora-gcc, r-devel-windows-ix86+x86_64, r-patched-linux-x86_64, r-patched-solaris-x86, r-release-linux-x86_64, r-release-windows-ix86+x86_64, r-release-osx-x86_64, r-oldrel-windows-ix86+x86_64, r-oldrel-osx-x86_64

Version: 0.10.4
Check: installed package size
Result: NOTE
     installed size is 13.2Mb
     sub-directories of 1Mb or more:
     libs 12.9Mb
Flavors: r-devel-linux-x86_64-fedora-clang, r-release-osx-x86_64, r-oldrel-osx-x86_64