CRAN Package Check Results for Package greybox

Last updated on 2019-09-20 01:47:45 CEST.

Flavor Version Tinstall Tcheck Ttotal Status Flags
r-devel-linux-x86_64-debian-clang 0.5.4 26.50 118.79 145.29 OK
r-devel-linux-x86_64-debian-gcc 0.5.4 21.47 89.43 110.90 OK
r-devel-linux-x86_64-fedora-clang 0.5.4 185.93 OK
r-devel-linux-x86_64-fedora-gcc 0.5.4 186.06 OK
r-devel-windows-ix86+x86_64 0.5.4 71.00 231.00 302.00 NOTE
r-patched-linux-x86_64 0.5.4 22.44 118.04 140.48 OK
r-patched-solaris-x86 0.5.4 214.40 OK
r-release-linux-x86_64 0.5.4 24.31 117.96 142.27 OK
r-release-windows-ix86+x86_64 0.5.3 46.00 166.00 212.00 NOTE
r-release-osx-x86_64 0.5.4 OK
r-oldrel-windows-ix86+x86_64 0.5.3 42.00 157.00 199.00 NOTE
r-oldrel-osx-x86_64 0.5.4 OK

Check Details

Version: 0.5.4
Check: package dependencies
Result: NOTE
    Package suggested but not available for checking: 'doMC'
Flavor: r-devel-windows-ix86+x86_64

Version: 0.5.3
Check: package dependencies
Result: NOTE
    Package suggested but not available for checking: 'doMC'
Flavors: r-release-windows-ix86+x86_64, r-oldrel-windows-ix86+x86_64