CRAN Package Check Results for Package grattan

Last updated on 2019-07-15 01:46:41 CEST.

Flavor Version Tinstall Tcheck Ttotal Status Flags
r-devel-linux-x86_64-debian-clang 1.7.1.2 83.56 137.40 220.96 NOTE
r-devel-linux-x86_64-debian-gcc 1.7.1.2 61.06 166.82 227.88 NOTE
r-devel-linux-x86_64-fedora-clang 1.7.1.2 273.20 NOTE
r-devel-linux-x86_64-fedora-gcc 1.7.1.2 260.91 NOTE
r-devel-windows-ix86+x86_64 1.7.1.2 162.00 148.00 310.00 NOTE
r-patched-linux-x86_64 1.7.1.2 79.73 140.40 220.13 NOTE
r-patched-solaris-x86 1.7.1.2 253.60 NOTE
r-release-linux-x86_64 1.7.1.2 75.66 160.27 235.93 NOTE
r-release-windows-ix86+x86_64 1.7.1.2 159.00 143.00 302.00 NOTE
r-release-osx-x86_64 1.7.1.2 NOTE
r-oldrel-windows-ix86+x86_64 1.7.1.2 221.00 203.00 424.00 NOTE
r-oldrel-osx-x86_64 1.7.1.2 NOTE

Check Details

Version: 1.7.1.2
Check: package dependencies
Result: NOTE
    Packages suggested but not available for checking:
     'taxstats', 'taxstats1516'
Flavors: r-devel-linux-x86_64-debian-clang, r-devel-linux-x86_64-debian-gcc, r-devel-linux-x86_64-fedora-clang, r-devel-linux-x86_64-fedora-gcc, r-devel-windows-ix86+x86_64, r-patched-linux-x86_64, r-patched-solaris-x86, r-release-linux-x86_64, r-release-windows-ix86+x86_64, r-release-osx-x86_64

Version: 1.7.1.2
Check: package dependencies
Result: NOTE
    Packages suggested but not available for checking:
     'taxstats' 'taxstats1516'
Flavors: r-oldrel-windows-ix86+x86_64, r-oldrel-osx-x86_64