CRAN Package Check Results for Package gmat

Last updated on 2019-09-15 01:46:55 CEST.

Flavor Version Tinstall Tcheck Ttotal Status Flags
r-devel-linux-x86_64-debian-clang 0.2.0 2.88 26.22 29.10 OK
r-devel-linux-x86_64-debian-gcc 0.2.1 2.29 22.93 25.22 OK
r-devel-linux-x86_64-fedora-clang 0.2.1 38.26 OK
r-devel-linux-x86_64-fedora-gcc 0.2.1 36.95 OK
r-devel-windows-ix86+x86_64 0.2.0 12.00 50.00 62.00 OK
r-patched-linux-x86_64 0.2.0 2.49 25.56 28.05 OK
r-patched-solaris-x86 0.2.1 59.20 OK
r-release-linux-x86_64 0.2.1 2.62 28.52 31.14 OK
r-release-windows-ix86+x86_64 0.2.1 8.00 56.00 64.00 OK
r-release-osx-x86_64 0.2.1 ERROR
r-oldrel-windows-ix86+x86_64 0.2.0 8.00 45.00 53.00 OK
r-oldrel-osx-x86_64 0.2.1 OK

Check Details

Version: 0.2.1
Check: package dependencies
Result: ERROR
    Package required but not available: ‘gRbase’
    
    See section ‘The DESCRIPTION file’ in the ‘Writing R Extensions’
    manual.
Flavor: r-release-osx-x86_64