CRAN Package Check Results for Package glmmTMB

Last updated on 2019-07-21 01:46:55 CEST.

Flavor Version Tinstall Tcheck Ttotal Status Flags
r-devel-linux-x86_64-debian-clang 0.2.3 144.33 310.51 454.84 OK
r-devel-linux-x86_64-debian-gcc 0.2.3 143.59 250.45 394.04 OK
r-devel-linux-x86_64-fedora-clang 0.2.3 575.09 NOTE
r-devel-linux-x86_64-fedora-gcc 0.2.3 621.71 OK
r-devel-windows-ix86+x86_64 0.2.3 233.00 515.00 748.00 NOTE --no-vignettes
r-patched-linux-x86_64 0.2.3 152.67 315.42 468.09 OK
r-patched-solaris-x86 0.2.3 794.90 OK
r-release-linux-x86_64 0.2.3 149.61 320.51 470.12 OK
r-release-windows-ix86+x86_64 0.2.3 231.00 418.00 649.00 NOTE --no-vignettes
r-release-osx-x86_64 0.2.3 NOTE
r-oldrel-windows-ix86+x86_64 0.2.3 293.00 399.00 692.00 NOTE --no-vignettes
r-oldrel-osx-x86_64 0.2.3 NOTE

Check Details

Version: 0.2.3
Check: installed package size
Result: NOTE
     installed size is 44.3Mb
     sub-directories of 1Mb or more:
     doc 1.1Mb
     libs 42.0Mb
Flavors: r-devel-linux-x86_64-fedora-clang, r-release-osx-x86_64, r-oldrel-osx-x86_64

Version: 0.2.3
Flags: --no-vignettes
Check: installed package size
Result: NOTE
     installed size is 23.5Mb
     sub-directories of 1Mb or more:
     doc 1.0Mb
     libs 21.2Mb
Flavors: r-devel-windows-ix86+x86_64, r-release-windows-ix86+x86_64, r-oldrel-windows-ix86+x86_64