CRAN Package Check Results for Package glmmTMB

Last updated on 2019-11-12 00:52:44 CET.

Flavor Version Tinstall Tcheck Ttotal Status Flags
r-devel-linux-x86_64-debian-clang 0.2.3 157.98 306.60 464.58 OK
r-devel-linux-x86_64-debian-gcc 0.2.3 159.88 243.14 403.02 OK
r-devel-linux-x86_64-fedora-clang 0.2.3 594.10 NOTE
r-devel-linux-x86_64-fedora-gcc 0.2.3 654.12 OK
r-devel-windows-ix86+x86_64 0.2.3 249.00 443.00 692.00 NOTE --no-vignettes
r-patched-linux-x86_64 0.2.3 145.63 309.36 454.99 OK
r-patched-solaris-x86 0.2.3 772.20 OK
r-release-linux-x86_64 0.2.3 145.13 306.81 451.94 OK
r-release-windows-ix86+x86_64 0.2.3 305.00 450.00 755.00 NOTE --no-vignettes
r-release-osx-x86_64 0.2.3 NOTE
r-oldrel-windows-ix86+x86_64 0.2.3 291.00 457.00 748.00 NOTE --no-vignettes
r-oldrel-osx-x86_64 0.2.3 NOTE

Check Details

Version: 0.2.3
Check: installed package size
Result: NOTE
     installed size is 45.3Mb
     sub-directories of 1Mb or more:
     doc 1.1Mb
     libs 43.0Mb
Flavors: r-devel-linux-x86_64-fedora-clang, r-release-osx-x86_64, r-oldrel-osx-x86_64

Version: 0.2.3
Flags: --no-vignettes
Check: installed package size
Result: NOTE
     installed size is 23.5Mb
     sub-directories of 1Mb or more:
     doc 1.0Mb
     libs 21.2Mb
Flavors: r-devel-windows-ix86+x86_64, r-release-windows-ix86+x86_64, r-oldrel-windows-ix86+x86_64