CRAN Package Check Results for Package glmdisc

Last updated on 2019-12-05 00:51:55 CET.

Flavor Version Tinstall Tcheck Ttotal Status Flags
r-devel-linux-x86_64-debian-clang 0.2 36.53 291.23 327.76 OK
r-devel-linux-x86_64-debian-gcc 0.2 30.77 106.79 137.56 WARN
r-devel-linux-x86_64-fedora-clang 0.2 384.04 OK
r-devel-linux-x86_64-fedora-gcc 0.2 366.57 OK
r-devel-windows-ix86+x86_64 0.2 85.00 474.00 559.00 OK
r-devel-windows-ix86+x86_64-gcc8 0.2 85.00 380.00 465.00 OK
r-patched-linux-x86_64 0.2 35.34 270.80 306.14 OK
r-patched-solaris-x86 0.2 538.60 OK
r-release-linux-x86_64 0.2 33.01 283.69 316.70 OK
r-release-windows-ix86+x86_64 0.2 72.00 371.00 443.00 OK
r-release-osx-x86_64 0.2 OK
r-oldrel-windows-ix86+x86_64 0.2 51.00 458.00 509.00 OK
r-oldrel-osx-x86_64 0.2 OK

Additional issues

noLD

Check Details

Version: 0.2
Check: re-building of vignette outputs
Result: WARN
    Error(s) in re-building vignettes:
     ...
    --- re-building ‘glmdisc.Rmd’ using rmarkdown
    Iteration 1 ended with a performance of aic = -Inf
    Iteration 2 ended with a performance of aic = -134.608619878262
    Iteration 3 ended with a performance of aic = -132.683384132685
    Iteration 4 ended with a performance of aic = -127.460703920578
    Iteration 5 ended with a performance of aic = -133.356404723641
    Iteration 6 ended with a performance of aic = -120.671327443988
    Iteration 7 ended with a performance of aic = -111.966595987971
    Iteration 8 ended with a performance of aic = -139.263400379599
    Iteration 9 ended with a performance of aic = -133.355974797923
    Iteration 10 ended with a performance of aic = -127.905304549988
    Iteration 11 ended with a performance of aic = -120.35854142509
    Iteration 12 ended with a performance of aic = -125.169343422266
    Iteration 13 ended with a performance of aic = -129.408829263308
    Iteration 14 ended with a performance of aic = -139.368540127894
    Iteration 15 ended with a performance of aic = -144.313295197886
    Iteration 16 ended with a performance of aic = -131.475439471652
    Iteration 17 ended with a performance of aic = -131.84277607946
    Iteration 18 ended with a performance of aic = -140.261945255749
    Iteration 19 ended with a performance of aic = -129.757190087153
    Iteration 20 ended with a performance of aic = -132.314576813382
    Iteration 21 ended with a performance of aic = -129.159475486135
    Iteration 22 ended with a performance of aic = -133.483701315805
    Iteration 23 ended with a performance of aic = -131.011499931927
    Iteration 24 ended with a performance of aic = -124.302278370127
    Iteration 25 ended with a performance of aic = -128.738048879129
    Iteration 26 ended with a performance of aic = -125.451253399211
    Iteration 27 ended with a performance of aic = -130.99984993344
    Iteration 28 ended with a performance of aic = -137.487398194709
    Iteration 29 ended with a performance of aic = -131.438689829807
    Iteration 30 ended with a performance of aic = -124.338722914023
    Iteration 31 ended with a performance of aic = -124.331707187001
    Quitting from lines 298-301 (glmdisc.Rmd)
    Error: processing vignette 'glmdisc.Rmd' failed with diagnostics:
    number of items to replace is not a multiple of replacement length
    --- failed re-building ‘glmdisc.Rmd’
    
    SUMMARY: processing the following file failed:
     ‘glmdisc.Rmd’
    
    Error: Vignette re-building failed.
    Execution halted
Flavor: r-devel-linux-x86_64-debian-gcc