CRAN Package Check Results for Package glmdisc

Last updated on 2019-08-18 01:46:10 CEST.

Flavor Version Tinstall Tcheck Ttotal Status Flags
r-devel-linux-x86_64-debian-clang 0.1 33.83 275.77 309.60 OK
r-devel-linux-x86_64-debian-gcc 0.1 28.31 201.70 230.01 OK
r-devel-linux-x86_64-fedora-clang 0.1 190.44 WARN
r-devel-linux-x86_64-fedora-gcc 0.1 355.83 OK
r-devel-windows-ix86+x86_64 0.1 100.00 454.00 554.00 OK
r-patched-linux-x86_64 0.1 31.57 267.91 299.48 OK
r-patched-solaris-x86 0.1 526.50 OK
r-release-linux-x86_64 0.1 31.81 265.39 297.20 OK
r-release-windows-ix86+x86_64 0.1 72.00 440.00 512.00 OK
r-release-osx-x86_64 0.1 OK
r-oldrel-windows-ix86+x86_64 0.1 92.00 415.00 507.00 OK
r-oldrel-osx-x86_64 0.1 OK

Check Details

Version: 0.1
Check: re-building of vignette outputs
Result: WARN
    Error(s) in re-building vignettes:
    --- re-building ‘glmdisc.Rmd’ using rmarkdown
    Iteration 1 ended with a performance of aic = -Inf
    Iteration 2 ended with a performance of aic = -132.131175474734
    Iteration 3 ended with a performance of aic = -124.463900739184
    Iteration 4 ended with a performance of aic = -142.12228174121
    Iteration 5 ended with a performance of aic = -130.706771025756
    Iteration 6 ended with a performance of aic = -128.761459257685
    Iteration 7 ended with a performance of aic = -127.918303906424
    Iteration 8 ended with a performance of aic = -117.837092063298
    Iteration 9 ended with a performance of aic = -119.982378985628
    Iteration 10 ended with a performance of aic = -123.199325672361
    Iteration 11 ended with a performance of aic = -131.143495222651
    Iteration 12 ended with a performance of aic = -137.394035742709
    Iteration 13 ended with a performance of aic = -138.139119945541
    Iteration 14 ended with a performance of aic = -134.638094191543
    Quitting from lines 298-301 (glmdisc.Rmd)
    Error: processing vignette 'glmdisc.Rmd' failed with diagnostics:
    number of items to replace is not a multiple of replacement length
    --- failed re-building ‘glmdisc.Rmd’
    
    SUMMARY: processing the following file failed:
     ‘glmdisc.Rmd’
    
    Error: Vignette re-building failed.
    Execution halted
Flavor: r-devel-linux-x86_64-fedora-clang