CRAN Package Check Results for Package ggspatial

Last updated on 2019-11-12 00:52:44 CET.

Flavor Version Tinstall Tcheck Ttotal Status Flags
r-devel-linux-x86_64-debian-clang 1.0.3 7.76 110.07 117.83 OK
r-devel-linux-x86_64-debian-gcc 1.0.3 6.56 82.70 89.26 OK
r-devel-linux-x86_64-fedora-clang 1.0.3 138.34 NOTE
r-devel-linux-x86_64-fedora-gcc 1.0.3 145.49 NOTE
r-devel-windows-ix86+x86_64 1.0.3 19.00 129.00 148.00 OK
r-patched-linux-x86_64 1.0.3 6.72 104.43 111.15 OK
r-patched-solaris-x86 1.0.3 207.00 NOTE
r-release-linux-x86_64 1.0.3 7.58 104.04 111.62 OK
r-release-windows-ix86+x86_64 1.0.3 34.00 158.00 192.00 OK
r-release-osx-x86_64 1.0.3 NOTE
r-oldrel-windows-ix86+x86_64 1.0.3 16.00 170.00 186.00 OK
r-oldrel-osx-x86_64 1.0.3 NOTE

Check Details

Version: 1.0.3
Check: dependencies in R code
Result: NOTE
    Namespaces in Imports field not imported from:
     ‘reshape2’ ‘rosm’
     All declared Imports should be used.
Flavors: r-devel-linux-x86_64-fedora-clang, r-devel-linux-x86_64-fedora-gcc, r-patched-solaris-x86, r-release-osx-x86_64, r-oldrel-osx-x86_64