CRAN Package Check Results for Package ggspatial

Last updated on 2019-07-22 01:46:21 CEST.

Flavor Version Tinstall Tcheck Ttotal Status Flags
r-devel-linux-x86_64-debian-clang 1.0.3 6.96 106.68 113.64 OK
r-devel-linux-x86_64-debian-gcc 1.0.3 6.14 84.18 90.32 OK
r-devel-linux-x86_64-fedora-clang 1.0.3 135.58 NOTE
r-devel-linux-x86_64-fedora-gcc 1.0.3 146.13 NOTE
r-devel-windows-ix86+x86_64 1.0.3 15.00 179.00 194.00 OK
r-patched-linux-x86_64 1.0.3 6.72 103.15 109.87 OK
r-patched-solaris-x86 1.0.3 220.80 NOTE
r-release-linux-x86_64 1.0.3 7.77 103.60 111.37 OK
r-release-windows-ix86+x86_64 1.0.3 18.00 112.00 130.00 OK
r-release-osx-x86_64 1.0.3 NOTE
r-oldrel-windows-ix86+x86_64 1.0.3 18.00 178.00 196.00 OK
r-oldrel-osx-x86_64 1.0.3 NOTE

Check Details

Version: 1.0.3
Check: dependencies in R code
Result: NOTE
    Namespaces in Imports field not imported from:
     ‘reshape2’ ‘rosm’
     All declared Imports should be used.
Flavors: r-devel-linux-x86_64-fedora-clang, r-devel-linux-x86_64-fedora-gcc, r-patched-solaris-x86, r-release-osx-x86_64, r-oldrel-osx-x86_64