CRAN Package Check Results for Package gginnards

Last updated on 2019-07-20 01:51:00 CEST.

Flavor Version Tinstall Tcheck Ttotal Status Flags
r-devel-linux-x86_64-debian-clang 0.0.2 3.14 68.22 71.36 OK
r-devel-linux-x86_64-debian-gcc 0.0.2 3.14 52.83 55.97 OK
r-devel-linux-x86_64-fedora-clang 0.0.2 81.85 NOTE
r-devel-linux-x86_64-fedora-gcc 0.0.2 87.26 NOTE
r-devel-windows-ix86+x86_64 0.0.2 12.00 113.00 125.00 OK
r-patched-linux-x86_64 0.0.2 3.16 65.17 68.33 OK
r-patched-solaris-x86 0.0.2 118.50 NOTE
r-release-linux-x86_64 0.0.2 3.08 66.45 69.53 OK
r-release-windows-ix86+x86_64 0.0.2 10.00 73.00 83.00 OK
r-release-osx-x86_64 0.0.2 NOTE
r-oldrel-windows-ix86+x86_64 0.0.2 6.00 123.00 129.00 OK
r-oldrel-osx-x86_64 0.0.2 NOTE

Check Details

Version: 0.0.2
Check: dependencies in R code
Result: NOTE
    Namespace in Imports field not imported from: ‘tibble’
     All declared Imports should be used.
Flavors: r-devel-linux-x86_64-fedora-clang, r-devel-linux-x86_64-fedora-gcc, r-patched-solaris-x86, r-release-osx-x86_64, r-oldrel-osx-x86_64