CRAN Package Check Results for Package ggformula

Last updated on 2019-05-22 01:46:30 CEST.

Flavor Version Tinstall Tcheck Ttotal Status Flags
r-devel-linux-x86_64-debian-clang 0.9.1 18.54 297.39 315.93 OK
r-devel-linux-x86_64-debian-gcc 0.9.1 15.40 219.24 234.64 OK
r-devel-linux-x86_64-fedora-clang 0.9.1 350.73 NOTE
r-devel-linux-x86_64-fedora-gcc 0.9.1 363.24 NOTE
r-devel-windows-ix86+x86_64 0.9.1 23.00 332.00 355.00 OK
r-patched-linux-x86_64 0.9.1 16.85 290.07 306.92 OK
r-patched-solaris-x86 0.9.1 495.10 NOTE
r-release-linux-x86_64 0.9.1 17.49 285.24 302.73 OK
r-release-windows-ix86+x86_64 0.9.1 38.00 481.00 519.00 OK
r-release-osx-x86_64 0.9.1 NOTE
r-oldrel-windows-ix86+x86_64 0.9.1 23.00 315.00 338.00 OK
r-oldrel-osx-x86_64 0.9.1 NOTE

Check Details

Version: 0.9.1
Check: installed package size
Result: NOTE
     installed size is 5.0Mb
     sub-directories of 1Mb or more:
     doc 2.7Mb
Flavors: r-devel-linux-x86_64-fedora-clang, r-patched-solaris-x86

Version: 0.9.1
Check: dependencies in R code
Result: NOTE
    Namespace in Imports field not imported from: ‘tidyr’
     All declared Imports should be used.
Flavors: r-devel-linux-x86_64-fedora-clang, r-devel-linux-x86_64-fedora-gcc, r-patched-solaris-x86, r-release-osx-x86_64, r-oldrel-osx-x86_64