CRAN Package Check Results for Package ggformula

Last updated on 2019-08-18 01:46:10 CEST.

Flavor Version Tinstall Tcheck Ttotal Status Flags
r-devel-linux-x86_64-debian-clang 0.9.1 19.41 296.45 315.86 OK
r-devel-linux-x86_64-debian-gcc 0.9.1 16.15 221.75 237.90 OK
r-devel-linux-x86_64-fedora-clang 0.9.1 355.36 NOTE
r-devel-linux-x86_64-fedora-gcc 0.9.1 349.99 NOTE
r-devel-windows-ix86+x86_64 0.9.1 44.00 492.00 536.00 OK
r-patched-linux-x86_64 0.9.1 17.81 288.00 305.81 OK
r-patched-solaris-x86 0.9.1 490.40 NOTE
r-release-linux-x86_64 0.9.1 17.79 287.15 304.94 OK
r-release-windows-ix86+x86_64 0.9.1 43.00 488.00 531.00 OK
r-release-osx-x86_64 0.9.1 NOTE
r-oldrel-windows-ix86+x86_64 0.9.1 34.00 461.00 495.00 OK
r-oldrel-osx-x86_64 0.9.1 NOTE

Check Details

Version: 0.9.1
Check: installed package size
Result: NOTE
     installed size is 5.0Mb
     sub-directories of 1Mb or more:
     doc 2.7Mb
Flavors: r-devel-linux-x86_64-fedora-clang, r-patched-solaris-x86

Version: 0.9.1
Check: dependencies in R code
Result: NOTE
    Namespace in Imports field not imported from: ‘tidyr’
     All declared Imports should be used.
Flavors: r-devel-linux-x86_64-fedora-clang, r-devel-linux-x86_64-fedora-gcc, r-patched-solaris-x86, r-release-osx-x86_64, r-oldrel-osx-x86_64