CRAN Package Check Results for Package ggforce

Last updated on 2019-07-16 01:50:21 CEST.

Flavor Version Tinstall Tcheck Ttotal Status Flags
r-devel-linux-x86_64-debian-clang 0.2.2 87.61 161.05 248.66 OK
r-devel-linux-x86_64-debian-gcc 0.2.2 76.05 121.57 197.62 OK
r-devel-linux-x86_64-fedora-clang 0.2.2 311.53 NOTE
r-devel-linux-x86_64-fedora-gcc 0.2.2 330.33 OK
r-devel-windows-ix86+x86_64 0.2.2 212.00 324.00 536.00 NOTE
r-patched-linux-x86_64 0.2.2 90.41 158.67 249.08 OK
r-patched-solaris-x86 0.2.2 352.50 OK
r-release-linux-x86_64 0.2.2 91.58 160.14 251.72 OK
r-release-windows-ix86+x86_64 0.2.2 139.00 345.00 484.00 NOTE
r-release-osx-x86_64 0.2.2 NOTE
r-oldrel-windows-ix86+x86_64 0.2.2 192.00 341.00 533.00 NOTE
r-oldrel-osx-x86_64 0.2.2 NOTE

Check Details

Version: 0.2.2
Check: installed package size
Result: NOTE
     installed size is 21.6Mb
     sub-directories of 1Mb or more:
     doc 2.9Mb
     libs 17.7Mb
Flavors: r-devel-linux-x86_64-fedora-clang, r-devel-windows-ix86+x86_64, r-release-windows-ix86+x86_64, r-release-osx-x86_64, r-oldrel-windows-ix86+x86_64, r-oldrel-osx-x86_64