CRAN Package Check Results for Package ggQQunif

Last updated on 2019-08-23 01:47:26 CEST.

Flavor Version Tinstall Tcheck Ttotal Status Flags
r-devel-linux-x86_64-debian-clang 0.1.5 3.26 22.84 26.10 OK
r-devel-linux-x86_64-debian-gcc 0.1.5 2.43 18.07 20.50 OK
r-devel-linux-x86_64-fedora-clang 0.1.5 32.67 NOTE
r-devel-linux-x86_64-fedora-gcc 0.1.5 30.88 NOTE
r-devel-windows-ix86+x86_64 0.1.5 19.00 54.00 73.00 OK
r-patched-linux-x86_64 0.1.5 2.70 22.26 24.96 OK
r-patched-solaris-x86 0.1.5 48.70 NOTE
r-release-linux-x86_64 0.1.5 2.35 22.36 24.71 OK
r-release-windows-ix86+x86_64 0.1.5 15.00 49.00 64.00 OK
r-release-osx-x86_64 0.1.5 NOTE
r-oldrel-windows-ix86+x86_64 0.1.5 5.00 50.00 55.00 OK
r-oldrel-osx-x86_64 0.1.5 NOTE

Check Details

Version: 0.1.5
Check: dependencies in R code
Result: NOTE
    Namespace in Imports field not imported from: ‘dplyr’
     All declared Imports should be used.
Flavors: r-devel-linux-x86_64-fedora-clang, r-devel-linux-x86_64-fedora-gcc, r-patched-solaris-x86, r-release-osx-x86_64, r-oldrel-osx-x86_64