CRAN Package Check Results for Package ggQQunif

Last updated on 2019-12-11 00:49:19 CET.

Flavor Version Tinstall Tcheck Ttotal Status Flags
r-devel-linux-x86_64-debian-clang 0.1.5 3.49 23.37 26.86 OK
r-devel-linux-x86_64-debian-gcc 0.1.5 2.97 18.97 21.94 OK
r-devel-linux-x86_64-fedora-clang 0.1.5 33.43 NOTE
r-devel-linux-x86_64-fedora-gcc 0.1.5 34.23 NOTE
r-devel-windows-ix86+x86_64 0.1.5 9.00 37.00 46.00 OK
r-devel-windows-ix86+x86_64-gcc8 0.1.5 9.00 35.00 44.00 OK
r-patched-linux-x86_64 0.1.5 3.15 21.66 24.81 OK
r-patched-solaris-x86 0.1.5 48.60 NOTE
r-release-linux-x86_64 0.1.5 2.74 21.47 24.21 OK
r-release-windows-ix86+x86_64 0.1.5 8.00 36.00 44.00 OK
r-release-osx-x86_64 0.1.5 NOTE
r-oldrel-windows-ix86+x86_64 0.1.5 3.00 33.00 36.00 OK
r-oldrel-osx-x86_64 0.1.5 NOTE

Check Details

Version: 0.1.5
Check: dependencies in R code
Result: NOTE
    Namespace in Imports field not imported from: ‘dplyr’
     All declared Imports should be used.
Flavors: r-devel-linux-x86_64-fedora-clang, r-devel-linux-x86_64-fedora-gcc, r-patched-solaris-x86, r-release-osx-x86_64, r-oldrel-osx-x86_64