CRAN Package Check Results for Package geoelectrics

Last updated on 2019-05-23 01:48:37 CEST.

Flavor Version Tinstall Tcheck Ttotal Status Flags
r-devel-linux-x86_64-debian-clang 0.2.0 7.21 62.06 69.27 OK
r-devel-linux-x86_64-debian-gcc 0.2.0 6.60 50.13 56.73 OK
r-devel-linux-x86_64-fedora-clang 0.2.0 85.09 OK
r-devel-linux-x86_64-fedora-gcc 0.2.0 85.58 OK
r-devel-windows-ix86+x86_64 0.2.0 19.00 114.00 133.00 OK
r-patched-linux-x86_64 0.2.0 8.84 62.35 71.19 OK
r-patched-solaris-x86 0.2.0 131.20 OK
r-release-linux-x86_64 0.2.0 8.09 62.59 70.68 OK
r-release-windows-ix86+x86_64 0.2.0 30.00 81.00 111.00 OK
r-release-osx-x86_64 0.2.0 WARN
r-oldrel-windows-ix86+x86_64 0.2.0 12.00 73.00 85.00 OK
r-oldrel-osx-x86_64 0.2.0 WARN

Check Details

Version: 0.2.0
Check: whether package can be installed
Result: WARN
    Found the following significant warnings:
     Warning: 'rgl_init' failed, running with rgl.useNULL = TRUE
Flavors: r-release-osx-x86_64, r-oldrel-osx-x86_64

Version: 0.2.0
Check: contents of ‘data’ directory
Result: WARN
    Output for data("sinkhole", package = "geoelectrics"):
     Warning messages:
     1: In rgl.init(initValue, onlyNULL) : RGL: unable to open X11 display
     2: 'rgl_init' failed, running with rgl.useNULL = TRUE
Flavor: r-release-osx-x86_64