CRAN Package Check Results for Package geoelectrics

Last updated on 2019-08-17 02:47:36 CEST.

Flavor Version Tinstall Tcheck Ttotal Status Flags
r-devel-linux-x86_64-debian-clang 0.2.0 7.21 62.69 69.90 OK
r-devel-linux-x86_64-debian-gcc 0.2.0 6.39 49.83 56.22 OK
r-devel-linux-x86_64-fedora-clang 0.2.0 84.02 OK
r-devel-linux-x86_64-fedora-gcc 0.2.0 81.43 OK
r-devel-windows-ix86+x86_64 0.2.0 28.00 113.00 141.00 OK
r-patched-linux-x86_64 0.2.0 8.32 62.38 70.70 OK
r-patched-solaris-x86 0.2.0 133.70 OK
r-release-linux-x86_64 0.2.0 8.60 61.83 70.43 OK
r-release-windows-ix86+x86_64 0.2.0 21.00 103.00 124.00 OK
r-release-osx-x86_64 0.2.0 WARN
r-oldrel-windows-ix86+x86_64 0.2.0 20.00 109.00 129.00 OK
r-oldrel-osx-x86_64 0.2.0 WARN

Check Details

Version: 0.2.0
Check: whether package can be installed
Result: WARN
    Found the following significant warnings:
     Warning: 'rgl_init' failed, running with rgl.useNULL = TRUE
Flavors: r-release-osx-x86_64, r-oldrel-osx-x86_64

Version: 0.2.0
Check: contents of ‘data’ directory
Result: WARN
    Output for data("sinkhole", package = "geoelectrics"):
     Warning messages:
     1: In rgl.init(initValue, onlyNULL) : RGL: unable to open X11 display
     2: 'rgl_init' failed, running with rgl.useNULL = TRUE
Flavor: r-release-osx-x86_64