CRAN Package Check Results for Package genio

Last updated on 2019-08-18 01:46:10 CEST.

Flavor Version Tinstall Tcheck Ttotal Status Flags
r-devel-linux-x86_64-debian-clang 1.0.10 20.03 44.62 64.65 OK
r-devel-linux-x86_64-debian-gcc 1.0.10 15.30 35.31 50.61 OK
r-devel-linux-x86_64-fedora-clang 1.0.10 90.67 OK
r-devel-linux-x86_64-fedora-gcc 1.0.10 82.78 OK
r-devel-windows-ix86+x86_64 1.0.10 54.00 108.00 162.00 OK
r-patched-linux-x86_64 1.0.10 17.14 43.05 60.19 OK
r-patched-solaris-x86 1.0.10 105.80 OK
r-release-linux-x86_64 1.0.10 17.44 42.86 60.30 OK
r-release-windows-ix86+x86_64 1.0.10 60.00 107.00 167.00 OK
r-release-osx-x86_64 1.0.10 NOTE
r-oldrel-windows-ix86+x86_64 1.0.10 53.00 102.00 155.00 OK
r-oldrel-osx-x86_64 1.0.10 OK

Check Details

Version: 1.0.10
Check: package dependencies
Result: NOTE
    Packages suggested but not available for checking: 'lfa', 'snpStats'
Flavor: r-release-osx-x86_64