CRAN Package Check Results for Package genio

Last updated on 2019-12-05 00:51:54 CET.

Flavor Version Tinstall Tcheck Ttotal Status Flags
r-devel-linux-x86_64-debian-clang 1.0.10 24.22 47.39 71.61 OK
r-devel-linux-x86_64-debian-gcc 1.0.10 16.14 37.70 53.84 OK
r-devel-linux-x86_64-fedora-clang 1.0.10 91.55 OK
r-devel-linux-x86_64-fedora-gcc 1.0.10 85.94 OK
r-devel-windows-ix86+x86_64 1.0.10 54.00 124.00 178.00 OK
r-devel-windows-ix86+x86_64-gcc8 1.0.10 59.00 93.00 152.00 OK
r-patched-linux-x86_64 1.0.10 17.61 43.75 61.36 OK
r-patched-solaris-x86 1.0.10 125.60 OK
r-release-linux-x86_64 1.0.10 17.26 46.56 63.82 OK
r-release-windows-ix86+x86_64 1.0.10 42.00 83.00 125.00 OK
r-release-osx-x86_64 1.0.10 NOTE
r-oldrel-windows-ix86+x86_64 1.0.10 38.00 107.00 145.00 OK
r-oldrel-osx-x86_64 1.0.10 OK

Check Details

Version: 1.0.10
Check: package dependencies
Result: NOTE
    Packages suggested but not available for checking: 'lfa', 'snpStats'
Flavor: r-release-osx-x86_64