CRAN Package Check Results for Package gemtc

Last updated on 2019-05-20 01:46:34 CEST.

Flavor Version Tinstall Tcheck Ttotal Status Flags
r-devel-linux-x86_64-debian-clang 0.8-2 8.42 94.80 103.22 OK
r-devel-linux-x86_64-debian-gcc 0.8-2 6.42 72.64 79.06 OK
r-devel-linux-x86_64-fedora-clang 0.8-2 117.72 NOTE
r-devel-linux-x86_64-fedora-gcc 0.8-2 123.96 NOTE
r-devel-windows-ix86+x86_64 0.8-2 23.00 200.00 223.00 OK
r-patched-linux-x86_64 0.8-2 8.32 94.97 103.29 OK
r-patched-solaris-x86 0.8-2 165.80 OK
r-release-linux-x86_64 0.8-2 7.49 93.13 100.62 OK
r-release-windows-ix86+x86_64 0.8-2 22.00 208.00 230.00 OK
r-release-osx-x86_64 0.8-2 OK
r-oldrel-windows-ix86+x86_64 0.8-2 19.00 200.00 219.00 OK
r-oldrel-osx-x86_64 0.8-2 OK

Check Details

Version: 0.8-2
Check: compiled code
Result: NOTE
    File ‘gemtc/libs/gemtc.so’:
     Found no calls to: ‘R_registerRoutines’, ‘R_useDynamicSymbols’
    
    It is good practice to register native routines and to disable symbol
    search.
    
    See ‘Writing portable packages’ in the ‘Writing R Extensions’ manual.
Flavors: r-devel-linux-x86_64-fedora-clang, r-devel-linux-x86_64-fedora-gcc