CRAN Package Check Results for Package gelnet

Last updated on 2019-07-19 01:47:16 CEST.

Flavor Version Tinstall Tcheck Ttotal Status Flags
r-devel-linux-x86_64-debian-clang 1.2.1 3.35 21.07 24.42 OK
r-devel-linux-x86_64-debian-gcc 1.2.1 2.45 17.73 20.18 OK
r-devel-linux-x86_64-fedora-clang 1.2.1 29.75 NOTE
r-devel-linux-x86_64-fedora-gcc 1.2.1 28.47 NOTE
r-devel-windows-ix86+x86_64 1.2.1 10.00 58.00 68.00 OK
r-patched-linux-x86_64 1.2.1 3.11 21.23 24.34 OK
r-patched-solaris-x86 1.2.1 45.80 OK
r-release-linux-x86_64 1.2.1 3.11 21.21 24.32 OK
r-release-windows-ix86+x86_64 1.2.1 6.00 37.00 43.00 OK
r-release-osx-x86_64 1.2.1 OK
r-oldrel-windows-ix86+x86_64 1.2.1 5.00 51.00 56.00 OK
r-oldrel-osx-x86_64 1.2.1 OK

Check Details

Version: 1.2.1
Check: compiled code
Result: NOTE
    File ‘gelnet/libs/gelnet.so’:
     Found no calls to: ‘R_registerRoutines’, ‘R_useDynamicSymbols’
    
    It is good practice to register native routines and to disable symbol
    search.
    
    See ‘Writing portable packages’ in the ‘Writing R Extensions’ manual.
Flavors: r-devel-linux-x86_64-fedora-clang, r-devel-linux-x86_64-fedora-gcc