CRAN Package Check Results for Package gdtools

Last updated on 2019-07-16 01:50:20 CEST.

Flavor Version Tinstall Tcheck Ttotal Status Flags
r-devel-linux-x86_64-debian-clang 0.1.9 48.45 24.12 72.57 OK
r-devel-linux-x86_64-debian-gcc 0.1.9 36.15 19.68 55.83 OK
r-devel-linux-x86_64-fedora-clang 0.1.9 108.23 OK
r-devel-linux-x86_64-fedora-gcc 0.1.9 101.14 OK
r-devel-windows-ix86+x86_64 0.1.9 136.00 79.00 215.00 NOTE
r-patched-linux-x86_64 0.1.9 44.30 24.03 68.33 OK
r-patched-solaris-x86 0.1.9 101.30 OK
r-release-linux-x86_64 0.1.9 43.83 23.92 67.75 OK
r-release-windows-ix86+x86_64 0.1.9 108.00 111.00 219.00 NOTE
r-release-osx-x86_64 0.1.9 OK
r-oldrel-windows-ix86+x86_64 0.1.9 159.00 76.00 235.00 NOTE
r-oldrel-osx-x86_64 0.1.9 OK

Check Details

Version: 0.1.9
Check: installed package size
Result: NOTE
     installed size is 8.0Mb
     sub-directories of 1Mb or more:
     libs 7.9Mb
Flavors: r-devel-windows-ix86+x86_64, r-release-windows-ix86+x86_64, r-oldrel-windows-ix86+x86_64