CRAN Package Check Results for Package gdtools

Last updated on 2019-10-21 02:46:31 CEST.

Flavor Version Tinstall Tcheck Ttotal Status Flags
r-devel-linux-x86_64-debian-clang 0.2.1 52.57 23.84 76.41 OK
r-devel-linux-x86_64-debian-gcc 0.2.1 32.13 19.09 51.22 OK
r-devel-linux-x86_64-fedora-clang 0.2.1 101.25 OK
r-devel-linux-x86_64-fedora-gcc 0.2.1 92.22 OK
r-devel-windows-ix86+x86_64 0.2.1 82.00 72.00 154.00 NOTE
r-patched-linux-x86_64 0.2.1 35.76 23.45 59.21 OK
r-patched-solaris-x86 0.2.1 94.80 OK
r-release-linux-x86_64 0.2.1 37.61 23.58 61.19 OK
r-release-windows-ix86+x86_64 0.2.1 118.00 101.00 219.00 NOTE
r-release-osx-x86_64 0.2.1 OK
r-oldrel-windows-ix86+x86_64 0.2.1 73.00 80.00 153.00 NOTE
r-oldrel-osx-x86_64 0.2.1 OK

Check Details

Version: 0.2.1
Check: installed package size
Result: NOTE
     installed size is 7.7Mb
     sub-directories of 1Mb or more:
     libs 7.5Mb
Flavors: r-devel-windows-ix86+x86_64, r-release-windows-ix86+x86_64, r-oldrel-windows-ix86+x86_64