CRAN Package Check Results for Package gWidgetstcltk

Last updated on 2019-09-15 01:46:55 CEST.

Flavor Version Tinstall Tcheck Ttotal Status Flags
r-devel-linux-x86_64-debian-clang 0.0-55 35.69 77.57 113.26 NOTE
r-devel-linux-x86_64-debian-gcc 0.0-55 27.31 61.22 88.53 NOTE
r-devel-linux-x86_64-fedora-clang 0.0-55 137.68 NOTE
r-devel-linux-x86_64-fedora-gcc 0.0-55 138.00 NOTE
r-devel-windows-ix86+x86_64 0.0-55 52.00 78.00 130.00 NOTE
r-patched-linux-x86_64 0.0-55 34.55 78.53 113.08 NOTE
r-patched-solaris-x86 0.0-55 187.60 NOTE
r-release-linux-x86_64 0.0-55 33.41 77.10 110.51 NOTE
r-release-windows-ix86+x86_64 0.0-55 41.00 124.00 165.00 NOTE
r-release-osx-x86_64 0.0-55 NOTE
r-oldrel-windows-ix86+x86_64 0.0-55 45.00 74.00 119.00 NOTE
r-oldrel-osx-x86_64 0.0-55 NOTE

Check Details

Version: 0.0-55
Check: R code for possible problems
Result: NOTE
    browseDataAsCSV: no visible global function definition for 'write.csv'
    browseDataAsCSV: no visible global function definition for 'browseURL'
    tcltkDialog: no visible global function definition for 'runif'
    tl_get_column_name: no visible global function definition for 'tail'
    .add,gTexttcltk-guiWidgetsToolkittcltk-character: no visible global
     function definition for 'rnorm'
    .font<-,gTexttcltk-guiWidgetsToolkittcltk: no visible global function
     definition for 'rnorm'
    .font<-,tcltkObject-guiWidgetsToolkittcltk: no visible global function
     definition for 'rnorm'
    .gdf,guiWidgetsToolkittcltk: no visible global function definition for
     'head'
    .visible<-,gGraphicstcltk-guiWidgetsToolkittcltk-ANY: no visible global
     function definition for 'dev.set'
    Undefined global functions or variables:
     browseURL dev.set head rnorm runif tail write.csv
    Consider adding
     importFrom("grDevices", "dev.set")
     importFrom("stats", "rnorm", "runif")
     importFrom("utils", "browseURL", "head", "tail", "write.csv")
    to your NAMESPACE file.
Flavors: r-devel-linux-x86_64-debian-clang, r-devel-linux-x86_64-debian-gcc, r-devel-linux-x86_64-fedora-clang, r-devel-linux-x86_64-fedora-gcc, r-devel-windows-ix86+x86_64, r-patched-linux-x86_64, r-patched-solaris-x86, r-release-linux-x86_64, r-release-windows-ix86+x86_64, r-release-osx-x86_64, r-oldrel-windows-ix86+x86_64, r-oldrel-osx-x86_64