CRAN Package Check Results for Package fulltext

Last updated on 2020-01-27 00:48:03 CET.

Flavor Version Tinstall Tcheck Ttotal Status Flags
r-devel-linux-x86_64-debian-clang 1.4.0 12.34 84.68 97.02 OK
r-devel-linux-x86_64-debian-gcc 1.4.0 9.42 64.32 73.74 OK
r-devel-linux-x86_64-fedora-clang 1.4.0 115.74 OK
r-devel-linux-x86_64-fedora-gcc 1.4.0 119.40 OK
r-devel-windows-ix86+x86_64 1.4.0 53.00 140.00 193.00 OK
r-devel-windows-ix86+x86_64-gcc8 1.4.0 47.00 101.00 148.00 OK
r-patched-linux-x86_64 1.4.0 10.36 70.91 81.27 OK
r-patched-solaris-x86 1.4.0 146.40 OK
r-release-linux-x86_64 1.4.0 10.11 71.21 81.32 OK
r-release-windows-ix86+x86_64 1.4.0 19.00 90.00 109.00 OK
r-release-osx-x86_64 1.4.0 ERROR
r-oldrel-windows-ix86+x86_64 1.4.0 21.00 86.00 107.00 OK
r-oldrel-osx-x86_64 1.4.0 ERROR

Check Details

Version: 1.4.0
Check: whether package can be installed
Result: ERROR
    Installation failed.
Flavors: r-release-osx-x86_64, r-oldrel-osx-x86_64