CRAN Package Check Results for Package fontMPlus

Last updated on 2019-08-20 01:48:07 CEST.

Flavor Version Tinstall Tcheck Ttotal Status Flags
r-devel-linux-x86_64-debian-clang 0.1.1 4.21 40.34 44.55 OK
r-devel-linux-x86_64-debian-gcc 0.1.1 3.66 31.87 35.53 OK
r-devel-linux-x86_64-fedora-clang 0.1.1 53.63 NOTE
r-devel-linux-x86_64-fedora-gcc 0.1.1 53.48 NOTE
r-devel-windows-ix86+x86_64 0.1.1 19.00 96.00 115.00 OK
r-patched-linux-x86_64 0.1.1 3.67 39.58 43.25 OK
r-patched-solaris-x86 0.1.1 83.80 NOTE
r-release-linux-x86_64 0.1.1 3.59 39.56 43.15 OK
r-release-windows-ix86+x86_64 0.1.1 12.00 56.00 68.00 OK
r-release-osx-x86_64 0.1.1 WARN
r-oldrel-windows-ix86+x86_64 0.1.1 19.00 86.00 105.00 OK
r-oldrel-osx-x86_64 0.1.1 WARN

Check Details

Version: 0.1.1
Check: dependencies in R code
Result: NOTE
    Namespace in Imports field not imported from: ‘ggplot2’
     All declared Imports should be used.
Flavors: r-devel-linux-x86_64-fedora-clang, r-devel-linux-x86_64-fedora-gcc, r-patched-solaris-x86, r-release-osx-x86_64, r-oldrel-osx-x86_64

Version: 0.1.1
Check: re-building of vignette outputs
Result: WARN
    Error(s) in re-building vignettes:
     ...
    --- re-building ‘Using_fontMPlus.Rmd’ using rmarkdown
    Warning in engine$weave(file, quiet = quiet, encoding = enc) :
     Pandoc (>= 1.12.3) and/or pandoc-citeproc not available. Falling back to R Markdown v1.
    Quitting from lines 56-67 (Using_fontMPlus.Rmd)
    Error: processing vignette 'Using_fontMPlus.Rmd' failed with diagnostics:
    polygon edge not found
    --- failed re-building ‘Using_fontMPlus.Rmd’
    
    SUMMARY: processing the following file failed:
     ‘Using_fontMPlus.Rmd’
    
    Error: Vignette re-building failed.
    Execution halted
Flavor: r-release-osx-x86_64

Version: 0.1.1
Check: re-building of vignette outputs
Result: WARN
    Error in re-building vignettes:
     ...
    Warning in engine$weave(file, quiet = quiet, encoding = enc) :
     Pandoc (>= 1.12.3) and/or pandoc-citeproc not available. Falling back to R Markdown v1.
    Quitting from lines 56-67 (Using_fontMPlus.Rmd)
    Error: processing vignette 'Using_fontMPlus.Rmd' failed with diagnostics:
    polygon edge not found
    Execution halted
Flavor: r-oldrel-osx-x86_64