CRAN Package Check Results for Package fmriqa

Last updated on 2020-01-27 00:48:03 CET.

Flavor Version Tinstall Tcheck Ttotal Status Flags
r-devel-linux-x86_64-debian-clang 0.3.0 10.69 116.64 127.33 OK
r-devel-linux-x86_64-debian-gcc 0.3.0 9.15 89.88 99.03 OK
r-devel-linux-x86_64-fedora-clang 0.3.0 153.78 WARN
r-devel-linux-x86_64-fedora-gcc 0.3.0 163.23 OK
r-devel-windows-ix86+x86_64 0.3.0 24.00 164.00 188.00 OK
r-devel-windows-ix86+x86_64-gcc8 0.3.0 39.00 134.00 173.00 OK
r-patched-linux-x86_64 0.3.0 8.78 104.59 113.37 OK
r-patched-solaris-x86 0.3.0 224.80 OK
r-release-linux-x86_64 0.3.0 9.23 103.85 113.08 OK
r-release-windows-ix86+x86_64 0.3.0 19.00 109.00 128.00 OK
r-release-osx-x86_64 0.3.0 OK
r-oldrel-windows-ix86+x86_64 0.3.0 12.00 114.00 126.00 OK
r-oldrel-osx-x86_64 0.3.0 OK

Check Details

Version: 0.3.0
Check: package dependencies
Result: WARN
    Requires orphaned package: ‘imager’
Flavor: r-devel-linux-x86_64-fedora-clang