CRAN Package Check Results for Package fmri

Last updated on 2019-08-23 01:47:25 CEST.

Flavor Version Tinstall Tcheck Ttotal Status Flags
r-devel-linux-x86_64-debian-clang 1.9 19.29 102.37 121.66 NOTE
r-devel-linux-x86_64-debian-gcc 1.9 17.77 78.34 96.11 NOTE
r-devel-linux-x86_64-fedora-clang 1.9 146.02 NOTE
r-devel-linux-x86_64-fedora-gcc 1.9 152.58 NOTE
r-devel-windows-ix86+x86_64 1.9 55.00 172.00 227.00 OK
r-patched-linux-x86_64 1.9 18.35 100.13 118.48 OK
r-patched-solaris-x86 1.9 217.50 OK
r-release-linux-x86_64 1.9 19.83 99.76 119.59 OK
r-release-windows-ix86+x86_64 1.9 51.00 169.00 220.00 OK
r-release-osx-x86_64 1.9 OK
r-oldrel-windows-ix86+x86_64 1.9 41.00 153.00 194.00 OK
r-oldrel-osx-x86_64 1.9 OK

Additional issues

LTO

Check Details

Version: 1.9
Check: for non-standard things in the check directory
Result: NOTE
    Found the following files/directories:
     'analyzefile.hdr' 'analyzefile.img' 'niftifile.nii'
Flavors: r-devel-linux-x86_64-debian-clang, r-devel-linux-x86_64-debian-gcc, r-devel-linux-x86_64-fedora-clang, r-devel-linux-x86_64-fedora-gcc