Last updated on 2019-12-11 00:49:18 CET.
Flavor | Version | Tinstall | Tcheck | Ttotal | Status | Flags |
---|---|---|---|---|---|---|
r-devel-linux-x86_64-debian-clang | 1.9.2.1 | 19.51 | 110.44 | 129.95 | OK | |
r-devel-linux-x86_64-debian-gcc | 1.9.2.1 | 18.52 | 84.80 | 103.32 | OK | |
r-devel-linux-x86_64-fedora-clang | 1.9.2.1 | 158.47 | OK | |||
r-devel-linux-x86_64-fedora-gcc | 1.9.2.1 | 161.78 | OK | |||
r-devel-windows-ix86+x86_64 | 1.9.2.1 | 38.00 | 183.00 | 221.00 | OK | |
r-devel-windows-ix86+x86_64-gcc8 | 1.9.2.1 | 38.00 | 145.00 | 183.00 | OK | |
r-patched-linux-x86_64 | 1.9.2.1 | 17.96 | 97.75 | 115.71 | OK | |
r-patched-solaris-x86 | 1.9.2.1 | 198.90 | OK | |||
r-release-linux-x86_64 | 1.9.2.1 | 18.66 | 98.48 | 117.14 | OK | |
r-release-windows-ix86+x86_64 | 1.9.2.1 | 37.00 | 129.00 | 166.00 | OK | |
r-release-osx-x86_64 | 1.9.2.1 | NOTE | ||||
r-oldrel-windows-ix86+x86_64 | 1.9.2.1 | 29.00 | 121.00 | 150.00 | OK | |
r-oldrel-osx-x86_64 | 1.9.2.1 | NOTE |
Version: 1.9.2.1
Check: dependencies in R code
Result: NOTE
No protocol specified
No protocol specified
No protocol specified
No protocol specified
Flavors: r-release-osx-x86_64, r-oldrel-osx-x86_64