CRAN Package Check Results for Package flexmet

Last updated on 2019-11-17 01:48:09 CET.

Flavor Version Tinstall Tcheck Ttotal Status Flags
r-devel-linux-x86_64-debian-clang 1.0.0.0 3.36 43.62 46.98 NOTE
r-devel-linux-x86_64-debian-gcc 1.0.0.0 2.50 31.95 34.45 NOTE
r-devel-linux-x86_64-fedora-clang 1.0.0.0 54.62 OK
r-devel-linux-x86_64-fedora-gcc 1.0.0.0 54.71 OK
r-devel-windows-ix86+x86_64 1.0.0.0 10.00 73.00 83.00 NOTE
r-patched-linux-x86_64 1.0.0.0 2.98 41.74 44.72 OK
r-patched-solaris-x86 1.0.0.0 72.90 OK
r-release-linux-x86_64 1.0.0.0 2.54 41.57 44.11 OK
r-release-windows-ix86+x86_64 1.0.0.0 6.00 76.00 82.00 OK
r-release-osx-x86_64 1.0.0.0 OK
r-oldrel-windows-ix86+x86_64 1.0.0.0 6.00 49.00 55.00 OK
r-oldrel-osx-x86_64 1.0.0.0 OK

Check Details

Version: 1.0.0.0
Check: package vignettes
Result: NOTE
    Package vignette with placeholder title 'Vignette Title':
     'fmp.Rmd'
Flavors: r-devel-linux-x86_64-debian-clang, r-devel-linux-x86_64-debian-gcc, r-devel-windows-ix86+x86_64