CRAN Package Check Results for Package flexmet

Last updated on 2019-07-20 01:50:59 CEST.

Flavor Version Tinstall Tcheck Ttotal Status Flags
r-devel-linux-x86_64-debian-clang 1.0.0.0 2.63 42.44 45.07 NOTE
r-devel-linux-x86_64-debian-gcc 1.0.0.0 2.50 31.98 34.48 NOTE
r-devel-linux-x86_64-fedora-clang 1.0.0.0 51.58 OK
r-devel-linux-x86_64-fedora-gcc 1.0.0.0 59.25 OK
r-devel-windows-ix86+x86_64 1.0.0.0 7.00 74.00 81.00 NOTE
r-patched-linux-x86_64 1.0.0.0 3.31 41.78 45.09 OK
r-patched-solaris-x86 1.0.0.0 76.50 OK
r-release-linux-x86_64 1.0.0.0 3.14 42.04 45.18 OK
r-release-windows-ix86+x86_64 1.0.0.0 5.00 51.00 56.00 OK
r-release-osx-x86_64 1.0.0.0 OK
r-oldrel-windows-ix86+x86_64 1.0.0.0 4.00 70.00 74.00 OK
r-oldrel-osx-x86_64 1.0.0.0 OK

Check Details

Version: 1.0.0.0
Check: package vignettes
Result: NOTE
    Package vignette with placeholder title 'Vignette Title':
     'fmp.Rmd'
Flavors: r-devel-linux-x86_64-debian-clang, r-devel-linux-x86_64-debian-gcc, r-devel-windows-ix86+x86_64