CRAN Package Check Results for Package flashClust

Last updated on 2020-01-27 00:48:03 CET.

Flavor Version Tinstall Tcheck Ttotal Status Flags
r-devel-linux-x86_64-debian-clang 1.01-2 2.38 18.43 20.81 NOTE
r-devel-linux-x86_64-debian-gcc 1.01-2 2.00 14.93 16.93 NOTE
r-devel-linux-x86_64-fedora-clang 1.01-2 26.53 NOTE
r-devel-linux-x86_64-fedora-gcc 1.01-2 26.43 NOTE
r-devel-windows-ix86+x86_64 1.01-2 13.00 37.00 50.00 NOTE
r-devel-windows-ix86+x86_64-gcc8 1.01-2 8.00 47.00 55.00 NOTE
r-patched-linux-x86_64 1.01-2 1.83 17.16 18.99 NOTE
r-patched-solaris-x86 1.01-2 38.20 NOTE
r-release-linux-x86_64 1.01-2 2.02 17.00 19.02 NOTE
r-release-windows-ix86+x86_64 1.01-2 7.00 45.00 52.00 NOTE
r-release-osx-x86_64 1.01-2 NOTE
r-oldrel-windows-ix86+x86_64 1.01-2 6.00 30.00 36.00 NOTE
r-oldrel-osx-x86_64 1.01-2 NOTE

Check Details

Version: 1.01-2
Check: DESCRIPTION meta-information
Result: NOTE
    Malformed Description field: should contain one or more complete sentences.
Flavors: r-devel-linux-x86_64-debian-clang, r-devel-linux-x86_64-debian-gcc, r-devel-linux-x86_64-fedora-clang, r-devel-linux-x86_64-fedora-gcc, r-devel-windows-ix86+x86_64, r-devel-windows-ix86+x86_64-gcc8, r-patched-linux-x86_64, r-patched-solaris-x86, r-release-linux-x86_64, r-release-windows-ix86+x86_64, r-release-osx-x86_64, r-oldrel-windows-ix86+x86_64, r-oldrel-osx-x86_64

Version: 1.01-2
Check: compiled code
Result: NOTE
    File ‘flashClust/libs/flashClust.so’:
     Found no calls to: ‘R_registerRoutines’, ‘R_useDynamicSymbols’
    
    It is good practice to register native routines and to disable symbol
    search.
    
    See ‘Writing portable packages’ in the ‘Writing R Extensions’ manual.
Flavors: r-devel-linux-x86_64-fedora-clang, r-devel-linux-x86_64-fedora-gcc