CRAN Package Check Results for Package flashClust

Last updated on 2019-09-15 01:46:54 CEST.

Flavor Version Tinstall Tcheck Ttotal Status Flags
r-devel-linux-x86_64-debian-clang 1.01-2 2.43 17.71 20.14 NOTE
r-devel-linux-x86_64-debian-gcc 1.01-2 1.97 14.50 16.47 NOTE
r-devel-linux-x86_64-fedora-clang 1.01-2 24.96 NOTE
r-devel-linux-x86_64-fedora-gcc 1.01-2 23.74 NOTE
r-devel-windows-ix86+x86_64 1.01-2 9.00 45.00 54.00 NOTE
r-patched-linux-x86_64 1.01-2 1.90 17.69 19.59 NOTE
r-patched-solaris-x86 1.01-2 39.00 NOTE
r-release-linux-x86_64 1.01-2 2.17 17.81 19.98 NOTE
r-release-windows-ix86+x86_64 1.01-2 7.00 45.00 52.00 NOTE
r-release-osx-x86_64 1.01-2 NOTE
r-oldrel-windows-ix86+x86_64 1.01-2 6.00 30.00 36.00 NOTE
r-oldrel-osx-x86_64 1.01-2 NOTE

Check Details

Version: 1.01-2
Check: DESCRIPTION meta-information
Result: NOTE
    Malformed Description field: should contain one or more complete sentences.
Flavors: r-devel-linux-x86_64-debian-clang, r-devel-linux-x86_64-debian-gcc, r-devel-linux-x86_64-fedora-clang, r-devel-linux-x86_64-fedora-gcc, r-devel-windows-ix86+x86_64, r-patched-linux-x86_64, r-patched-solaris-x86, r-release-linux-x86_64, r-release-windows-ix86+x86_64, r-release-osx-x86_64, r-oldrel-windows-ix86+x86_64, r-oldrel-osx-x86_64

Version: 1.01-2
Check: compiled code
Result: NOTE
    File ‘flashClust/libs/flashClust.so’:
     Found no calls to: ‘R_registerRoutines’, ‘R_useDynamicSymbols’
    
    It is good practice to register native routines and to disable symbol
    search.
    
    See ‘Writing portable packages’ in the ‘Writing R Extensions’ manual.
Flavors: r-devel-linux-x86_64-fedora-clang, r-devel-linux-x86_64-fedora-gcc