CRAN Package Check Results for Package fitteR

Last updated on 2019-04-23 01:57:14 CEST.

Flavor Version Tinstall Tcheck Ttotal Status Flags
r-devel-linux-x86_64-debian-clang 0.1.0 5.62 57.76 63.38 NOTE
r-devel-linux-x86_64-debian-gcc 0.1.0 4.55 43.97 48.52 NOTE
r-devel-linux-x86_64-fedora-clang 0.1.0 76.64 NOTE
r-devel-linux-x86_64-fedora-gcc 0.1.0 73.09 NOTE
r-devel-windows-ix86+x86_64 0.1.0 19.00 64.00 83.00 OK
r-patched-linux-x86_64 0.1.0 5.66 57.47 63.13 NOTE
r-patched-solaris-x86 0.1.0 108.50 NOTE
r-release-linux-x86_64 0.1.0 3.52 52.77 56.29 NOTE
r-release-windows-ix86+x86_64 0.1.0 6.00 93.00 99.00 OK
r-release-osx-x86_64 0.1.0 NOTE
r-oldrel-windows-ix86+x86_64 0.1.0 15.00 89.00 104.00 OK
r-oldrel-osx-x86_64 0.1.0 OK

Check Details

Version: 0.1.0
Check: package dependencies
Result: NOTE
    Package suggested but not available for checking: 'ExtDist'
Flavors: r-devel-linux-x86_64-debian-clang, r-devel-linux-x86_64-debian-gcc, r-devel-linux-x86_64-fedora-clang, r-devel-linux-x86_64-fedora-gcc, r-patched-linux-x86_64, r-patched-solaris-x86, r-release-linux-x86_64, r-release-osx-x86_64