CRAN Package Check Results for Package fitbitScraper

Last updated on 2019-05-24 01:47:19 CEST.

Flavor Version Tinstall Tcheck Ttotal Status Flags
r-devel-linux-x86_64-debian-clang 0.1.8 1.50 18.92 20.42 OK --no-vignettes
r-devel-linux-x86_64-debian-gcc 0.1.8 1.39 15.63 17.02 OK --no-vignettes
r-devel-linux-x86_64-fedora-clang 0.1.8 25.65 OK --no-vignettes
r-devel-linux-x86_64-fedora-gcc 0.1.8 24.19 OK --no-vignettes
r-devel-windows-ix86+x86_64 0.1.8 5.00 41.00 46.00 OK --no-vignettes
r-patched-linux-x86_64 0.1.8 1.95 19.26 21.21 OK --no-vignettes
r-patched-solaris-x86 0.1.8 41.90 OK --no-vignettes
r-release-linux-x86_64 0.1.8 1.83 19.26 21.09 OK --no-vignettes
r-release-windows-ix86+x86_64 0.1.8 8.00 33.00 41.00 OK --no-vignettes
r-release-osx-x86_64 0.1.8 WARN
r-oldrel-windows-ix86+x86_64 0.1.8 2.00 29.00 31.00 OK --no-vignettes
r-oldrel-osx-x86_64 0.1.8 WARN

Check Details

Version: 0.1.8
Check: re-building of vignette outputs
Result: WARN
    Error(s) in re-building vignettes:
     ...
    --- re-building ‘fitbitScraper-examples.Rmd’ using rmarkdown
    Warning in engine$weave(file, quiet = quiet, encoding = enc) :
     Pandoc (>= 1.12.3) and/or pandoc-citeproc not available. Falling back to R Markdown v1.
    Quitting from lines 22-24 (fitbitScraper-examples.Rmd)
    Error: processing vignette 'fitbitScraper-examples.Rmd' failed with diagnostics:
    login failed
    --- failed re-building ‘fitbitScraper-examples.Rmd’
    
    SUMMARY: processing the following file failed:
     ‘fitbitScraper-examples.Rmd’
    
    Error: Vignette re-building failed.
    Execution halted
Flavor: r-release-osx-x86_64

Version: 0.1.8
Check: re-building of vignette outputs
Result: WARN
    Error in re-building vignettes:
     ...
    Warning in engine$weave(file, quiet = quiet, encoding = enc) :
     Pandoc (>= 1.12.3) and/or pandoc-citeproc not available. Falling back to R Markdown v1.
    Quitting from lines 22-24 (fitbitScraper-examples.Rmd)
    Error: processing vignette 'fitbitScraper-examples.Rmd' failed with diagnostics:
    login failed
    Execution halted
Flavor: r-oldrel-osx-x86_64