CRAN Package Check Results for Package fingertipscharts

Last updated on 2019-07-15 01:46:38 CEST.

Flavor Version Tinstall Tcheck Ttotal Status Flags
r-devel-linux-x86_64-debian-clang 0.0.6 12.37 158.04 170.41 ERROR
r-devel-linux-x86_64-debian-gcc 0.0.6 11.27 138.19 149.46 OK
r-devel-linux-x86_64-fedora-clang 0.0.6 207.94 NOTE
r-devel-linux-x86_64-fedora-gcc 0.0.6 199.89 NOTE
r-devel-windows-ix86+x86_64 0.0.6 37.00 268.00 305.00 ERROR
r-patched-linux-x86_64 0.0.6 12.08 169.69 181.77 ERROR
r-patched-solaris-x86 0.0.6 229.50 ERROR
r-release-linux-x86_64 0.0.6 11.37 173.93 185.30 OK
r-release-windows-ix86+x86_64 0.0.6 31.00 189.00 220.00 ERROR
r-release-osx-x86_64 0.0.6 WARN
r-oldrel-windows-ix86+x86_64 0.0.6 47.00 325.00 372.00 ERROR
r-oldrel-osx-x86_64 0.0.6 WARN

Check Details

Version: 0.0.6
Check: tests
Result: ERROR
     Running 'testthat.R' [33s/57s]
    Running the tests in 'tests/testthat.R' failed.
    Complete output:
     > library(testthat)
     > library(fingertipscharts)
     > test_check("fingertipscharts")
     -- 1. Error: (unknown) (@test-examples.R#73) ----------------------------------
     result would be too long a vector
     1: population(pops, value = Value, sex = Sex, age = Age, area = AreaName, area_name = "Nottingham",
     comparator_1 = "England", comparator_2 = "East Midlands region", title = "Age Profile",
     subtitle = paste(unique(pops$IndicatorName), unique(pops$Timeperiod)), xlab = "% of total population") at testthat/test-examples.R:73
     2: pretty_breaks(n = 3)(0:max(abs(pull(data, !!value)), na.rm = T))
     3: pretty(x, n, ...)
    
     == testthat results ===========================================================
     OK: 9 SKIPPED: 27 WARNINGS: 13 FAILED: 1
     1. Error: (unknown) (@test-examples.R#73)
    
     Error: testthat unit tests failed
     Execution halted
Flavor: r-devel-linux-x86_64-debian-clang

Version: 0.0.6
Check: re-building of vignette outputs
Result: WARN
    Error(s) in re-building vignettes:
     ...
    --- re-building 'quick_charts.Rmd' using rmarkdown
    
    Attaching package: 'dplyr'
    
    The following objects are masked from 'package:stats':
    
     filter, lag
    
    The following objects are masked from 'package:base':
    
     intersect, setdiff, setequal, union
    
    Warning: Using `as.character()` on a quosure is deprecated as of rlang 0.3.0.
    Please use `as_label()` or `as_name()` instead.
    This warning is displayed once per session.
    Warning: Removed 2 rows containing missing values (geom_point).
    Warning: Removed 14 rows containing missing values (geom_text).
    Quitting from lines 277-290 (quick_charts.Rmd)
    Error: processing vignette 'quick_charts.Rmd' failed with diagnostics:
    result would be too long a vector
    --- failed re-building 'quick_charts.Rmd'
    
    SUMMARY: processing the following file failed:
     'quick_charts.Rmd'
    
    Error: Vignette re-building failed.
    Execution halted
Flavor: r-devel-linux-x86_64-debian-clang

Version: 0.0.6
Check: dependencies in R code
Result: NOTE
    Namespaces in Imports field not imported from:
     ‘curl’ ‘mapproj’
     All declared Imports should be used.
Flavors: r-devel-linux-x86_64-fedora-clang, r-devel-linux-x86_64-fedora-gcc, r-patched-solaris-x86, r-release-osx-x86_64, r-oldrel-osx-x86_64

Version: 0.0.6
Check: tests
Result: ERROR
     Running 'testthat.R' [58s]
    Running the tests in 'tests/testthat.R' failed.
    Complete output:
     > library(testthat)
     > library(fingertipscharts)
     > test_check("fingertipscharts")
     -- 1. Error: (unknown) (@test-examples.R#73) ----------------------------------
     result would be too long a vector
     1: population(pops, value = Value, sex = Sex, age = Age, area = AreaName, area_name = "Nottingham",
     comparator_1 = "England", comparator_2 = "East Midlands region", title = "Age Profile",
     subtitle = paste(unique(pops$IndicatorName), unique(pops$Timeperiod)), xlab = "% of total population") at testthat/test-examples.R:73
     2: pretty_breaks(n = 3)(0:max(abs(pull(data, !!value)), na.rm = T))
     3: pretty(x, n, ...)
    
     == testthat results ===========================================================
     OK: 9 SKIPPED: 27 WARNINGS: 13 FAILED: 1
     1. Error: (unknown) (@test-examples.R#73)
    
     Error: testthat unit tests failed
     Execution halted
Flavor: r-devel-windows-ix86+x86_64

Version: 0.0.6
Check: re-building of vignette outputs
Result: WARN
    Error(s) in re-building vignettes:
    --- re-building 'quick_charts.Rmd' using rmarkdown
    
    Attaching package: 'dplyr'
    
    The following objects are masked from 'package:stats':
    
     filter, lag
    
    The following objects are masked from 'package:base':
    
     intersect, setdiff, setequal, union
    
    Warning: Using `as.character()` on a quosure is deprecated as of rlang 0.3.0.
    Please use `as_label()` or `as_name()` instead.
    This warning is displayed once per session.
    Warning: Removed 2 rows containing missing values (geom_point).
    Warning: Removed 14 rows containing missing values (geom_text).
    Quitting from lines 277-290 (quick_charts.Rmd)
    Error: processing vignette 'quick_charts.Rmd' failed with diagnostics:
    result would be too long a vector
    --- failed re-building 'quick_charts.Rmd'
    
    SUMMARY: processing the following file failed:
     'quick_charts.Rmd'
    
    Error: Vignette re-building failed.
    Execution halted
Flavor: r-devel-windows-ix86+x86_64

Version: 0.0.6
Check: tests
Result: ERROR
     Running ‘testthat.R’ [41s/97s]
    Running the tests in ‘tests/testthat.R’ failed.
    Complete output:
     > library(testthat)
     > library(fingertipscharts)
     > test_check("fingertipscharts")
     ── 1. Error: (unknown) (@test-examples.R#133) ─────────────────────────────────
     Unknown column `Indicator Name`
     1: fingertips_data(DomainID = 1938133222, rank = TRUE) %>% filter(Timeperiod == "2016") at testthat/test-examples.R:133
     2: eval(lhs, parent, parent)
     3: eval(lhs, parent, parent)
     4: fingertips_data(DomainID = 1938133222, rank = TRUE)
     5: retrieve_domain(ChildAreaTypeIDs = ChildAreaTypeIDs, ParentAreaTypeIDs = ParentAreaTypeIDs,
     DomainIDs = DomainIDs, path = path)
     6: by(fd, list(fd$DomainIDs, fd$ChildAreaTypeIDs, fd$ParentAreaTypeIDs), get_data)
     7: by.data.frame(fd, list(fd$DomainIDs, fd$ChildAreaTypeIDs, fd$ParentAreaTypeIDs),
     get_data)
     8: structure(eval(substitute(tapply(seq_len(nd), IND, FUNx, simplify = simplify)), data),
     call = match.call(), class = "by")
     9: eval(substitute(tapply(seq_len(nd), IND, FUNx, simplify = simplify)), data)
     10: eval(substitute(tapply(seq_len(nd), IND, FUNx, simplify = simplify)), data)
     ...
     25: manip_at(.tbl, .vars, .funs, enquo(.funs), caller_env(), .include_group_vars = TRUE,
     ...)
     26: tbl_at_syms(.tbl, .vars, .include_group_vars = .include_group_vars)
     27: tbl_at_vars(tbl, vars, .include_group_vars = .include_group_vars)
     28: tidyselect::vars_select(tibble_vars, !!!vars)
     29: vars_select_eval(.vars, quos)
     30: map_if(ind_list, is_character, match_strings, names = TRUE)
     31: map(.x[sel], .f, ...)
     32: .f(.x[[i]], ...)
     33: bad_unknown_vars(vars, unknown)
     34: abort(glue("Unknown { thing } { fmt_args(unknown) } "))
    
     ══ testthat results ═══════════════════════════════════════════════════════════
     OK: 9 SKIPPED: 30 WARNINGS: 12 FAILED: 1
     1. Error: (unknown) (@test-examples.R#133)
    
     Error: testthat unit tests failed
     Execution halted
Flavor: r-patched-linux-x86_64

Version: 0.0.6
Check: tests
Result: ERROR
     Running ‘testthat.R’ [36s/78s]
    Running the tests in ‘tests/testthat.R’ failed.
    Complete output:
     > library(testthat)
     > library(fingertipscharts)
     > test_check("fingertipscharts")
     ── 1. Error: (unknown) (@test-examples.R#9) ───────────────────────────────────
     Timeout was reached: Resolving timed out after 10000 milliseconds
     1: fingertips_data(c(90362, 90366)) %>% group_by(IndicatorID) %>% filter(Timeperiod ==
     "2014 - 16", Sex == "Female", AreaType %in% c("County & UA", "England"), Age ==
     "All ages") %>% ungroup() %>% select(IndicatorID, AreaName, Value) %>% mutate(IndicatorID = paste0("x",
     IndicatorID)) %>% spread(IndicatorID, Value) at testthat/test-examples.R:9
     2: eval(lhs, parent, parent)
     3: eval(lhs, parent, parent)
     4: fingertips_data(c(90362, 90366))
     5: area_types(path = path)
     6: paste0(path, "area_types/parent_area_types") %>% get_fingertips_api()
     7: withVisible(eval(quote(`_fseq`(`_lhs`)), env, env))
     8: eval(quote(`_fseq`(`_lhs`)), env, env)
     9: eval(quote(`_fseq`(`_lhs`)), env, env)
     10: `_fseq`(`_lhs`)
     ...
     17: eval(quote(`_fseq`(`_lhs`)), env, env)
     18: eval(quote(`_fseq`(`_lhs`)), env, env)
     19: `_fseq`(`_lhs`)
     20: freduce(value, `_function_list`)
     21: function_list[[i]](value)
     22: GET(., use_proxy(ie_get_proxy_for_url(.), username = "", password = "", auth = "ntlm"))
     23: request_perform(req, hu$handle$handle)
     24: request_fetch(req$output, req$url, handle)
     25: request_fetch.write_memory(req$output, req$url, handle)
     26: curl::curl_fetch_memory(url, handle = handle)
    
     ══ testthat results ═══════════════════════════════════════════════════════════
     OK: 9 SKIPPED: 25 WARNINGS: 11 FAILED: 1
     1. Error: (unknown) (@test-examples.R#9)
    
     Error: testthat unit tests failed
     Execution halted
Flavor: r-patched-solaris-x86

Version: 0.0.6
Check: re-building of vignette outputs
Result: WARN
    Error(s) in re-building vignettes:
     ...
    --- re-building ‘quick_charts.Rmd’ using rmarkdown
    Warning in engine$weave(file, quiet = quiet, encoding = enc) :
     Pandoc (>= 1.12.3) and/or pandoc-citeproc not available. Falling back to R Markdown v1.
    
    Attaching package: 'dplyr'
    
    The following objects are masked from 'package:stats':
    
     filter, lag
    
    The following objects are masked from 'package:base':
    
     intersect, setdiff, setequal, union
    
    Warning: Using `as.character()` on a quosure is deprecated as of rlang 0.3.0.
    Please use `as_label()` or `as_name()` instead.
    This warning is displayed once per session.
    Warning: Removed 2 rows containing missing values (geom_point).
    Quitting from lines 138-147 (quick_charts.Rmd)
    Error: processing vignette 'quick_charts.Rmd' failed with diagnostics:
    there is no package called 'webshot'
    --- failed re-building ‘quick_charts.Rmd’
    
    SUMMARY: processing the following file failed:
     ‘quick_charts.Rmd’
    
    Error: Vignette re-building failed.
    Execution halted
Flavor: r-patched-solaris-x86

Version: 0.0.6
Check: examples
Result: ERROR
    Running examples in 'fingertipscharts-Ex.R' failed
    The error most likely occurred in:
    
    > ### Name: compare_areas
    > ### Title: Plot compare areas chart
    > ### Aliases: compare_areas
    >
    > ### ** Examples
    >
    > library(fingertipsR)
    > library(dplyr)
    
    Attaching package: 'dplyr'
    
    The following objects are masked from 'package:stats':
    
     filter, lag
    
    The following objects are masked from 'package:base':
    
     intersect, setdiff, setequal, union
    
    > region <- "South East region"
    > top_names <- c("England", region)
    > ordered_levels <- c("Better",
    + "Similar",
    + "Worse",
    + "Not compared")
    > df <- fingertips_data(90316) %>%
    + filter(is.na(CategoryType) &
    + Timeperiod == "2016/17" &
    + (AreaName %in% top_names |
    + ParentName == region) &
    + Sex == "Persons") %>%
    + mutate(ComparedtoEnglandvalueorpercentiles =
    + factor(ComparedtoEnglandvalueorpercentiles,
    + levels = ordered_levels))
    Error: Unknown column `Indicator Name`
    Backtrace:
     x
     1. +-`%>%`(...)
     2. | \-base::eval(lhs, parent, parent)
     3. | \-base::eval(lhs, parent, parent)
     4. \-fingertipsR::fingertips_data(90316)
     5. \-fingertipsR:::retrieve_indicator(...)
     6. +-base::by(...)
     7. \-base::by.data.frame(...)
     8. +-base::structure(...)
     9. \-base::eval(...)
     10. \-base::eval(...)
     11. \-base::tapply(...)
     12. \-base::lapply(X = ans[index], FUN = FUN, ...)
     13. \-base:::FUN(X[[i]], ...)
     14. \-fingertipsR:::FUN(data[x, , drop = FALSE], ...)
     15. \-fingertipsR:::new_data_formatting(dataurl)
     16. \-new_data %>% mutate_at(.vars = character_fields, as.character)
     17. +-base::withVisible(eval(quote(`_fseq`(`_lhs`)), env, env))
     18. \-base::eval(quote(`_fseq`(`_lhs`)), env, env)
     19. \-base::eval(quote(`_fseq`(`_lh
    Execution halted
Flavor: r-release-windows-ix86+x86_64

Version: 0.0.6
Check: tests
Result: ERROR
     Running 'testthat.R' [64s]
    Running the tests in 'tests/testthat.R' failed.
    Complete output:
     > library(testthat)
     > library(fingertipscharts)
     > test_check("fingertipscharts")
     -- 1. Error: (unknown) (@test-examples.R#73) ----------------------------------
     result would be too long a vector
     1: population(pops, value = Value, sex = Sex, age = Age, area = AreaName, area_name = "Nottingham",
     comparator_1 = "England", comparator_2 = "East Midlands region", title = "Age Profile",
     subtitle = paste(unique(pops$IndicatorName), unique(pops$Timeperiod)), xlab = "% of total population") at testthat/test-examples.R:73
     2: pretty_breaks(n = 3)(0:max(abs(pull(data, !!value)), na.rm = T))
     3: pretty(x, n, ...)
    
     == testthat results ===========================================================
     OK: 9 SKIPPED: 27 WARNINGS: 13 FAILED: 1
     1. Error: (unknown) (@test-examples.R#73)
    
     Error: testthat unit tests failed
     Execution halted
Flavor: r-release-windows-ix86+x86_64

Version: 0.0.6
Check: re-building of vignette outputs
Result: WARN
    Error(s) in re-building vignettes:
    --- re-building 'quick_charts.Rmd' using rmarkdown
    
    Attaching package: 'dplyr'
    
    The following objects are masked from 'package:stats':
    
     filter, lag
    
    The following objects are masked from 'package:base':
    
     intersect, setdiff, setequal, union
    
    Quitting from lines 63-72 (quick_charts.Rmd)
    Error: processing vignette 'quick_charts.Rmd' failed with diagnostics:
    Unknown column `Indicator Name`
    Backtrace:
     x
     1. +-tools:::buildVignettes(...)
     2. | +-base::tryCatch(...)
     3. | | \-base:::tryCatchList(expr, classes, parentenv, handlers)
     4. | | \-base:::tryCatchOne(expr, names, parentenv, handlers[[1L]])
     5. | | \-base:::doTryCatch(return(expr), name, parentenv, handler)
     6. | \-engine$weave(file, quiet = quiet, encoding = enc)
     7. | \-knitr:::vweave_rmarkdown(...)
     8. | \-rmarkdown::render(...)
     9. | \-knitr::knit(...)
     10. | \-knitr:::process_file(text, output)
     11. | +-base::withCallingHandlers(...)
     12. | +-knitr:::process_group(group)
     13. | \-knitr:::process_group.block(group)
     14. | \-knitr:::call_block(x)
     15. | \-knitr:::block_exec(params)
     16. | +-knitr:::in_dir(...)
     17. | \-knitr:::evaluate(...)
     18. | \-evaluate::evaluate(...)
     19. | \-evaluate:::evaluate_call(...)
     20. | +-evaluate:::timing_fn(...)
     21. | +-base:::handle(...)
     22. | +-base::withCallingHandlers(...)
     23. | +-base::withVisible(eval(expr, envir, enclos))
     24. | \-base::eval(expr, envir, enclos)
     25. | \-base::eval(expr, envir, enclos)
     26. +-`%>%`(...)
     27. | \-base::eval(lhs, parent, parent)
     28. | \-base::eval(lhs, parent, parent)
     29. \-fingertipsR::fingertips_data(c(90362, 90366))
     30. \-fingertipsR:::retrieve_indicator(...)
     31. +-base::by(...)
     32. \-base::by.data.frame(...)
     33. +-base::structure(...)
     34. \-base::eval(...)
     35. \-base::eval(...)
     36. \-base::tapply(...)
     37. \-base::lapply(X = ans[index], FUN = FUN, ...)
     38. \-base:::FUN(X[[i]], ...)
     39. \-fingertipsR:::FUN(data[x, , drop = FALSE], ...)
     40. \-fingertipsR:::new_data_formatting(dataurl)
     41. \-new_data %>% mutate_at(.vars = character_fields, as.character)
     42. +-base::withVisible(eval(quote(`_fseq`(`_lhs`)), env, env))
     43. \-base::eval(quote(`_fseq`(`_lhs`)), env, env)
     44. \-base::eval(quote(`_fseq`(`_lhs`)), env, env)
     45. \-fingertipsR:::`_fseq`(`_lhs`)
     46. \-magrittr::freduce(value, `_function_list`)
     47. +-base::withVisible(function_list[[k]](value))
     48. \-function_list[[k]](value)
     49. \-dplyr::mutate_at(., .vars = character_fields, as.character)
     50. \-dplyr:::manip_at(...)
     51. \-dplyr:::tbl_at_syms(.tbl, .vars, .include_group_vars = .include_group_vars)
     52. \-dplyr:::tbl_at_vars(tbl, vars, .include_group_vars = .include_group_vars)
     53. \-tidyselect::vars_select(tibble_vars, !!!vars)
     54. \-tidyselect:::vars_select_eval(.vars, quos)
     55. \-purrr::map_if(ind_list, is_character, match_strings, names = TRUE)
     56. \-purrr::map(.x[sel], .f, ...)
     57. \-tidyselect:::.f(.x[[i]], ...)
     58. \-tidyselect:::bad_unknown_vars(vars, unknown)
    --- failed re-building 'quick_charts.Rmd'
    
    SUMMARY: processing the following file failed:
     'quick_charts.Rmd'
    
    Error: Vignette re-building failed.
    Execution halted
Flavor: r-release-windows-ix86+x86_64

Version: 0.0.6
Check: re-building of vignette outputs
Result: WARN
    Error(s) in re-building vignettes:
    --- re-building ‘quick_charts.Rmd’ using rmarkdown
    Warning in engine$weave(file, quiet = quiet, encoding = enc) :
     Pandoc (>= 1.12.3) and/or pandoc-citeproc not available. Falling back to R Markdown v1.
    
    Attaching package: 'dplyr'
    
    The following objects are masked from 'package:stats':
    
     filter, lag
    
    The following objects are masked from 'package:base':
    
     intersect, setdiff, setequal, union
    
    Warning: Removed 2 rows containing missing values (geom_point).
    Warning in normalizePath(f2) :
     path[1]="webshot149843be60788.png": No such file or directory
    Warning in file(con, "rb") :
     cannot open file 'webshot149843be60788.png': No such file or directory
    Quitting from lines 138-147 (quick_charts.Rmd)
    Error: processing vignette 'quick_charts.Rmd' failed with diagnostics:
    cannot open the connection
    --- failed re-building ‘quick_charts.Rmd’
    
    SUMMARY: processing the following file failed:
     ‘quick_charts.Rmd’
    
    Error: Vignette re-building failed.
    Execution halted
Flavor: r-release-osx-x86_64

Version: 0.0.6
Check: whether package can be installed
Result: WARN
    Found the following significant warnings:
     Note: possible error in 'set.seed(42, sample.kind = "Rounding")': unused argument (sample.kind = "Rounding")
    See 'd:/Rcompile/CRANpkg/local/3.5/fingertipscharts.Rcheck/00install.out' for details.
    Information on the location(s) of code generating the 'Note's can be
    obtained by re-running with environment variable R_KEEP_PKG_SOURCE set
    to 'yes'.
Flavor: r-oldrel-windows-ix86+x86_64

Version: 0.0.6
Check: R code for possible problems
Result: NOTE
    create_test_data: possible error in set.seed(42, sample.kind =
     "Rounding"): unused argument (sample.kind = "Rounding")
Flavors: r-oldrel-windows-ix86+x86_64, r-oldrel-osx-x86_64

Version: 0.0.6
Check: tests
Result: ERROR
     Running 'testthat.R' [78s]
    Running the tests in 'tests/testthat.R' failed.
    Complete output:
     > library(testthat)
     > library(fingertipscharts)
     > test_check("fingertipscharts")
     -- 1. Error: (unknown) (@test-examples.R#73) ----------------------------------
     result would be too long a vector
     1: population(pops, value = Value, sex = Sex, age = Age, area = AreaName, area_name = "Nottingham",
     comparator_1 = "England", comparator_2 = "East Midlands region", title = "Age Profile",
     subtitle = paste(unique(pops$IndicatorName), unique(pops$Timeperiod)), xlab = "% of total population") at testthat/test-examples.R:73
     2: pretty_breaks(n = 3)(0:max(abs(pull(data, !!value)), na.rm = T))
     3: pretty(x, n, ...)
    
     == testthat results ===========================================================
     OK: 9 SKIPPED: 27 WARNINGS: 13 FAILED: 1
     1. Error: (unknown) (@test-examples.R#73)
    
     Error: testthat unit tests failed
     Execution halted
Flavor: r-oldrel-windows-ix86+x86_64

Version: 0.0.6
Check: re-building of vignette outputs
Result: WARN
    Error in re-building vignettes:
     ...
    
    Attaching package: 'dplyr'
    
    The following objects are masked from 'package:stats':
    
     filter, lag
    
    The following objects are masked from 'package:base':
    
     intersect, setdiff, setequal, union
    
    Warning: Using `as.character()` on a quosure is deprecated as of rlang 0.3.0.
    Please use `as_label()` or `as_name()` instead.
    This warning is displayed once per session.
    Warning: Removed 2 rows containing missing values (geom_point).
    Warning: Removed 14 rows containing missing values (geom_text).
    Quitting from lines 277-290 (quick_charts.Rmd)
    Error: processing vignette 'quick_charts.Rmd' failed with diagnostics:
    result would be too long a vector
    Execution halted
Flavor: r-oldrel-windows-ix86+x86_64

Version: 0.0.6
Check: whether package can be installed
Result: WARN
    Found the following significant warnings:
     Note: possible error in 'set.seed(42, sample.kind = "Rounding")': unused argument (sample.kind = "Rounding")
    See ‘/Volumes/SSD-Data/Builds/R-dev-web/QA/Simon/packages/el-capitan-x86_64/results/3.5/fingertipscharts.Rcheck/00install.out’ for details.
    Information on the location(s) of code generating the ‘Note’s can be
    obtained by re-running with environment variable R_KEEP_PKG_SOURCE set
    to ‘yes’.
Flavor: r-oldrel-osx-x86_64

Version: 0.0.6
Check: re-building of vignette outputs
Result: WARN
    Error in re-building vignettes:
     ...
    Warning in engine$weave(file, quiet = quiet, encoding = enc) :
     Pandoc (>= 1.12.3) and/or pandoc-citeproc not available. Falling back to R Markdown v1.
    
    Attaching package: 'dplyr'
    
    The following objects are masked from 'package:stats':
    
     filter, lag
    
    The following objects are masked from 'package:base':
    
     intersect, setdiff, setequal, union
    
    Warning: Removed 2 rows containing missing values (geom_point).
    Warning in normalizePath(f2) :
     path[1]="webshot1082b15d6361c.png": No such file or directory
    Warning in file(con, "rb") :
     cannot open file 'webshot1082b15d6361c.png': No such file or directory
    Quitting from lines 138-147 (quick_charts.Rmd)
    Error: processing vignette 'quick_charts.Rmd' failed with diagnostics:
    cannot open the connection
    Execution halted
Flavor: r-oldrel-osx-x86_64