CRAN Package Check Results for Package fgac

Last updated on 2019-08-24 01:49:57 CEST.

Flavor Version Tinstall Tcheck Ttotal Status Flags
r-devel-linux-x86_64-debian-clang 0.6-1 3.52 24.33 27.85 NOTE
r-devel-linux-x86_64-debian-gcc 0.6-1 2.39 19.74 22.13 NOTE
r-devel-linux-x86_64-fedora-clang 0.6-1 35.31 NOTE
r-devel-linux-x86_64-fedora-gcc 0.6-1 33.26 NOTE
r-devel-windows-ix86+x86_64 0.6-1 7.00 51.00 58.00 NOTE
r-patched-linux-x86_64 0.6-1 3.04 24.03 27.07 NOTE
r-patched-solaris-x86 0.6-1 49.50 NOTE
r-release-linux-x86_64 0.6-1 2.94 24.61 27.55 NOTE
r-release-windows-ix86+x86_64 0.6-1 5.00 50.00 55.00 NOTE
r-release-osx-x86_64 0.6-1 NOTE
r-oldrel-windows-ix86+x86_64 0.6-1 4.00 31.00 35.00 NOTE
r-oldrel-osx-x86_64 0.6-1 NOTE

Check Details

Version: 0.6-1
Check: R code for possible problems
Result: NOTE
    ftest: no visible global function definition for 'wilcox.test'
    ftest: no visible global function definition for 't.test'
    Undefined global functions or variables:
     t.test wilcox.test
    Consider adding
     importFrom("stats", "t.test", "wilcox.test")
    to your NAMESPACE file.
Flavors: r-devel-linux-x86_64-debian-clang, r-devel-linux-x86_64-debian-gcc, r-devel-linux-x86_64-fedora-clang, r-devel-linux-x86_64-fedora-gcc, r-devel-windows-ix86+x86_64, r-patched-linux-x86_64, r-patched-solaris-x86, r-release-linux-x86_64, r-release-windows-ix86+x86_64, r-release-osx-x86_64, r-oldrel-windows-ix86+x86_64, r-oldrel-osx-x86_64