CRAN Package Check Results for Package ffstream

Last updated on 2019-07-16 01:50:19 CEST.

Flavor Version Tinstall Tcheck Ttotal Status Flags
r-devel-linux-x86_64-debian-clang 0.1.6 102.97 59.85 162.82 OK
r-devel-linux-x86_64-debian-gcc 0.1.6 81.04 48.03 129.07 OK
r-devel-linux-x86_64-fedora-clang 0.1.6 240.08 NOTE
r-devel-linux-x86_64-fedora-gcc 0.1.6 250.78 OK
r-devel-windows-ix86+x86_64 0.1.6 239.00 130.00 369.00 OK
r-patched-linux-x86_64 0.1.6 100.19 60.17 160.36 OK
r-patched-solaris-x86 0.1.6 232.40 OK
r-release-linux-x86_64 0.1.6 96.93 59.61 156.54 OK
r-release-windows-ix86+x86_64 0.1.6 203.00 139.00 342.00 OK
r-release-osx-x86_64 0.1.6 NOTE
r-oldrel-windows-ix86+x86_64 0.1.6 243.00 106.00 349.00 OK
r-oldrel-osx-x86_64 0.1.6 NOTE

Check Details

Version: 0.1.6
Check: installed package size
Result: NOTE
     installed size is 9.3Mb
     sub-directories of 1Mb or more:
     libs 8.9Mb
Flavors: r-devel-linux-x86_64-fedora-clang, r-release-osx-x86_64, r-oldrel-osx-x86_64