CRAN Package Check Results for Package ffstream

Last updated on 2019-05-20 01:46:33 CEST.

Flavor Version Tinstall Tcheck Ttotal Status Flags
r-devel-linux-x86_64-debian-clang 0.1.6 106.45 60.53 166.98 OK
r-devel-linux-x86_64-debian-gcc 0.1.6 82.92 47.53 130.45 OK
r-devel-linux-x86_64-fedora-clang 0.1.6 245.77 NOTE
r-devel-linux-x86_64-fedora-gcc 0.1.6 213.20 OK
r-devel-windows-ix86+x86_64 0.1.6 273.00 137.00 410.00 OK
r-patched-linux-x86_64 0.1.6 95.41 60.83 156.24 OK
r-patched-solaris-x86 0.1.6 227.50 OK
r-release-linux-x86_64 0.1.6 101.00 60.18 161.18 OK
r-release-windows-ix86+x86_64 0.1.6 194.00 150.00 344.00 OK
r-release-osx-x86_64 0.1.6 NOTE
r-oldrel-windows-ix86+x86_64 0.1.6 176.00 142.00 318.00 OK
r-oldrel-osx-x86_64 0.1.6 NOTE

Check Details

Version: 0.1.6
Check: installed package size
Result: NOTE
     installed size is 9.3Mb
     sub-directories of 1Mb or more:
     libs 8.9Mb
Flavors: r-devel-linux-x86_64-fedora-clang, r-release-osx-x86_64, r-oldrel-osx-x86_64