CRAN Package Check Results for Package fdq

Last updated on 2019-05-24 01:47:19 CEST.

Flavor Version Tinstall Tcheck Ttotal Status Flags
r-devel-linux-x86_64-debian-clang 0.11 8.75 74.67 83.42 OK
r-devel-linux-x86_64-debian-gcc 0.11 7.09 58.09 65.18 OK
r-devel-linux-x86_64-fedora-clang 0.11 78.66 NOTE
r-devel-linux-x86_64-fedora-gcc 0.11 76.83 NOTE
r-devel-windows-ix86+x86_64 0.11 17.00 80.00 97.00 OK
r-patched-linux-x86_64 0.11 8.79 75.11 83.90 OK
r-patched-solaris-x86 0.11 136.40 NOTE
r-release-linux-x86_64 0.11 9.15 74.62 83.77 OK
r-release-windows-ix86+x86_64 0.11 37.00 84.00 121.00 OK
r-release-osx-x86_64 0.11 NOTE
r-oldrel-windows-ix86+x86_64 0.11 10.00 77.00 87.00 OK
r-oldrel-osx-x86_64 0.11 NOTE

Check Details

Version: 0.11
Check: dependencies in R code
Result: NOTE
    Namespace in Imports field not imported from: ‘ggplot2’
     All declared Imports should be used.
Flavors: r-devel-linux-x86_64-fedora-clang, r-devel-linux-x86_64-fedora-gcc, r-patched-solaris-x86, r-release-osx-x86_64, r-oldrel-osx-x86_64