CRAN Package Check Results for Package fda

Last updated on 2019-08-23 01:47:25 CEST.

Flavor Version Tinstall Tcheck Ttotal Status Flags
r-devel-linux-x86_64-debian-clang 2.4.8 29.14 182.68 211.82 NOTE
r-devel-linux-x86_64-debian-gcc 2.4.8 23.22 139.67 162.89 NOTE
r-devel-linux-x86_64-fedora-clang 2.4.8 251.40 NOTE
r-devel-linux-x86_64-fedora-gcc 2.4.8 256.52 NOTE
r-devel-windows-ix86+x86_64 2.4.8 56.00 263.00 319.00 OK
r-patched-linux-x86_64 2.4.8 30.71 178.00 208.71 OK
r-patched-solaris-x86 2.4.8 332.30 OK
r-release-linux-x86_64 2.4.8 23.18 181.65 204.83 OK
r-release-windows-ix86+x86_64 2.4.8 55.00 256.00 311.00 OK
r-release-osx-x86_64 2.4.8 OK
r-oldrel-windows-ix86+x86_64 2.4.8 46.00 244.00 290.00 OK
r-oldrel-osx-x86_64 2.4.8 OK

Check Details

Version: 2.4.8
Check: for non-standard things in the check directory
Result: NOTE
    Found the following files/directories:
     'fdaMatlabPath.m'
Flavors: r-devel-linux-x86_64-debian-clang, r-devel-linux-x86_64-debian-gcc, r-devel-linux-x86_64-fedora-clang, r-devel-linux-x86_64-fedora-gcc