CRAN Package Check Results for Package fastrtext

Last updated on 2020-01-27 00:48:02 CET.

Flavor Version Tinstall Tcheck Ttotal Status Flags
r-devel-linux-x86_64-debian-clang 0.3.4 150.47 165.47 315.94 OK
r-devel-linux-x86_64-debian-gcc 0.3.4 92.75 121.97 214.72 OK
r-devel-linux-x86_64-fedora-clang 0.3.4 385.24 NOTE
r-devel-linux-x86_64-fedora-gcc 0.3.4 373.08 OK
r-devel-windows-ix86+x86_64 0.3.4 364.00 191.00 555.00 OK
r-devel-windows-ix86+x86_64-gcc8 0.3.4 363.00 181.00 544.00 NOTE
r-patched-linux-x86_64 0.3.4 107.68 141.27 248.95 OK
r-patched-solaris-x86 0.3.4 615.30 OK
r-release-linux-x86_64 0.3.4 109.64 148.88 258.52 OK
r-release-windows-ix86+x86_64 0.3.4 258.00 161.00 419.00 OK
r-release-osx-x86_64 0.3.4 NOTE
r-oldrel-windows-ix86+x86_64 0.3.4 258.00 144.00 402.00 OK
r-oldrel-osx-x86_64 0.3.4 NOTE

Check Details

Version: 0.3.4
Check: installed package size
Result: NOTE
     installed size is 9.1Mb
     sub-directories of 1Mb or more:
     extdata 2.0Mb
     libs 6.8Mb
Flavors: r-devel-linux-x86_64-fedora-clang, r-devel-windows-ix86+x86_64-gcc8, r-release-osx-x86_64, r-oldrel-osx-x86_64