CRAN Package Check Results for Package ezpickr

Last updated on 2019-10-21 02:46:30 CEST.

Flavor Version Tinstall Tcheck Ttotal Status Flags
r-devel-linux-x86_64-debian-clang 1.1.0 2.27 22.64 24.91 OK
r-devel-linux-x86_64-debian-gcc 1.1.0 1.71 18.17 19.88 OK
r-devel-linux-x86_64-fedora-clang 1.1.0 31.33 NOTE
r-devel-linux-x86_64-fedora-gcc 1.1.0 31.23 NOTE
r-devel-windows-ix86+x86_64 1.1.0 8.00 41.00 49.00 OK
r-patched-linux-x86_64 1.1.0 1.82 22.36 24.18 OK
r-patched-solaris-x86 1.1.0 46.90 NOTE
r-release-linux-x86_64 1.1.0 1.62 22.17 23.79 OK
r-release-windows-ix86+x86_64 1.1.0 8.00 53.00 61.00 OK
r-release-osx-x86_64 1.1.0 NOTE
r-oldrel-windows-ix86+x86_64 1.1.0 3.00 38.00 41.00 OK
r-oldrel-osx-x86_64 1.1.0 NOTE

Check Details

Version: 1.1.0
Check: dependencies in R code
Result: NOTE
    Namespace in Imports field not imported from: ‘vroom’
     All declared Imports should be used.
Flavors: r-devel-linux-x86_64-fedora-clang, r-devel-linux-x86_64-fedora-gcc, r-patched-solaris-x86, r-release-osx-x86_64, r-oldrel-osx-x86_64

Version: 1.1.0
Check: package dependencies
Result: NOTE
    Package suggested but not available for checking: ‘tesseract’
Flavor: r-patched-solaris-x86