CRAN Package Check Results for Package exprso

Last updated on 2019-09-15 01:46:53 CEST.

Flavor Version Tinstall Tcheck Ttotal Status Flags
r-devel-linux-x86_64-debian-clang 0.5.1 15.54 129.34 144.88 OK
r-devel-linux-x86_64-debian-gcc 0.5.1 11.08 99.60 110.68 OK
r-devel-linux-x86_64-fedora-clang 0.5.1 166.24 OK
r-devel-linux-x86_64-fedora-gcc 0.5.1 168.07 OK
r-devel-windows-ix86+x86_64 0.5.1 30.00 193.00 223.00 OK
r-patched-linux-x86_64 0.5.1 13.99 127.39 141.38 OK
r-patched-solaris-x86 0.5.1 215.20 OK
r-release-linux-x86_64 0.5.1 11.61 125.53 137.14 OK
r-release-windows-ix86+x86_64 0.5.1 23.00 146.00 169.00 OK
r-release-osx-x86_64 0.5.1 NOTE
r-oldrel-windows-ix86+x86_64 0.5.1 22.00 131.00 153.00 OK
r-oldrel-osx-x86_64 0.5.1 OK

Check Details

Version: 0.5.1
Check: package dependencies
Result: NOTE
    Packages suggested but not available for checking:
     'Biobase', 'edgeR', 'GEOquery', 'limma', 'RankProd'
Flavor: r-release-osx-x86_64