CRAN Package Check Results for Package exifr

Last updated on 2019-09-20 01:47:43 CEST.

Flavor Version Tinstall Tcheck Ttotal Status Flags
r-devel-linux-x86_64-debian-clang 0.3.1 2.72 56.53 59.25 OK
r-devel-linux-x86_64-debian-gcc 0.3.1 2.19 42.49 44.68 OK
r-devel-linux-x86_64-fedora-clang 0.3.1 78.50 OK
r-devel-linux-x86_64-fedora-gcc 0.3.1 78.06 OK
r-devel-windows-ix86+x86_64 0.3.1 20.00 101.00 121.00 OK
r-patched-linux-x86_64 0.3.1 2.32 55.24 57.56 OK
r-patched-solaris-x86 0.3.1 99.20 NOTE
r-release-linux-x86_64 0.3.1 2.03 55.41 57.44 OK
r-release-windows-ix86+x86_64 0.3.1 11.00 96.00 107.00 OK
r-release-osx-x86_64 0.3.1 NOTE
r-oldrel-windows-ix86+x86_64 0.3.1 6.00 99.00 105.00 OK
r-oldrel-osx-x86_64 0.3.1 NOTE

Check Details

Version: 0.3.1
Check: installed package size
Result: NOTE
     installed size is 14.6Mb
     sub-directories of 1Mb or more:
     exiftool 14.5Mb
Flavors: r-patched-solaris-x86, r-release-osx-x86_64, r-oldrel-osx-x86_64