CRAN Package Check Results for Package ergm.ego

Last updated on 2019-09-15 01:46:53 CEST.

Flavor Version Tinstall Tcheck Ttotal Status Flags
r-devel-linux-x86_64-debian-clang 0.5 10.01 137.37 147.38 OK
r-devel-linux-x86_64-debian-gcc 0.5 9.08 106.17 115.25 OK
r-devel-linux-x86_64-fedora-clang 0.5 170.65 OK
r-devel-linux-x86_64-fedora-gcc 0.5 168.63 OK
r-devel-windows-ix86+x86_64 0.5 31.00 137.00 168.00 OK
r-patched-linux-x86_64 0.5 9.83 133.06 142.89 OK
r-patched-solaris-x86 0.5 267.90 OK
r-release-linux-x86_64 0.5 10.21 132.21 142.42 OK
r-release-windows-ix86+x86_64 0.5 23.00 151.00 174.00 OK
r-release-osx-x86_64 0.5 OK
r-oldrel-windows-ix86+x86_64 0.5 16.00 135.00 151.00 OK
r-oldrel-osx-x86_64 0.5 ERROR

Check Details

Version: 0.5
Check: package dependencies
Result: ERROR
    Package required and available but unsuitable version: ‘ergm’
    
    See section ‘The DESCRIPTION file’ in the ‘Writing R Extensions’
    manual.
Flavor: r-oldrel-osx-x86_64