CRAN Package Check Results for Package erah

Last updated on 2019-09-20 01:47:43 CEST.

Flavor Version Tinstall Tcheck Ttotal Status Flags
r-devel-linux-x86_64-debian-clang 1.1.0 11.40 88.20 99.60 OK
r-devel-linux-x86_64-debian-gcc 1.1.0 10.53 69.77 80.30 OK
r-devel-linux-x86_64-fedora-clang 1.1.0 122.33 NOTE
r-devel-linux-x86_64-fedora-gcc 1.1.0 120.40 NOTE
r-devel-windows-ix86+x86_64 1.1.0 47.00 120.00 167.00 OK
r-patched-linux-x86_64 1.1.0 11.02 86.41 97.43 OK
r-patched-solaris-x86 1.1.0 174.30 NOTE
r-release-linux-x86_64 1.1.0 13.52 87.57 101.09 OK
r-release-windows-ix86+x86_64 1.1.0 26.00 116.00 142.00 OK
r-release-osx-x86_64 1.1.0 NOTE
r-oldrel-windows-ix86+x86_64 1.1.0 20.00 115.00 135.00 OK
r-oldrel-osx-x86_64 1.1.0 NOTE

Check Details

Version: 1.1.0
Check: package dependencies
Result: NOTE
    Package suggested but not available for checking: ‘mzR’
Flavors: r-devel-linux-x86_64-fedora-clang, r-devel-linux-x86_64-fedora-gcc, r-patched-solaris-x86, r-release-osx-x86_64, r-oldrel-osx-x86_64