CRAN Package Check Results for Package epanet2toolkit

Last updated on 2019-05-20 01:46:32 CEST.

Flavor Version Tinstall Tcheck Ttotal Status Flags
r-devel-linux-x86_64-debian-clang 0.3.2 10.57 26.23 36.80 OK
r-devel-linux-x86_64-debian-gcc 0.3.2 8.01 21.33 29.34 WARN
r-devel-linux-x86_64-fedora-clang 0.3.2 46.64 OK
r-devel-linux-x86_64-fedora-gcc 0.3.2 43.93 WARN
r-devel-windows-ix86+x86_64 0.3.2 46.00 80.00 126.00 OK
r-patched-linux-x86_64 0.3.2 9.29 26.19 35.48 WARN
r-patched-solaris-x86 0.3.2 64.30 OK
r-release-linux-x86_64 0.3.2 9.38 26.56 35.94 WARN
r-release-windows-ix86+x86_64 0.3.2 39.00 76.00 115.00 OK
r-release-osx-x86_64 0.3.2 OK
r-oldrel-windows-ix86+x86_64 0.3.2 48.00 69.00 117.00 OK
r-oldrel-osx-x86_64 0.3.2 OK

Check Details

Version: 0.3.2
Check: whether package can be installed
Result: WARN
    Found the following significant warnings:
     epanet.c:999:5: warning: ‘strncpy’ output may be truncated copying 31 bytes from a string of length 31 [-Wstringop-truncation]
     epanet.c:1000:5: warning: ‘strncpy’ output may be truncated copying 31 bytes from a string of length 31 [-Wstringop-truncation]
     epanet.c:1492:3: warning: ‘strncpy’ output may be truncated copying 31 bytes from a string of length 31 [-Wstringop-truncation]
     epanet.c:2308:7: warning: ‘strncpy’ output may be truncated copying 31 bytes from a string of length 31 [-Wstringop-truncation]
     epanet.c:2309:7: warning: ‘strncpy’ output may be truncated copying 31 bytes from a string of length 31 [-Wstringop-truncation]
     input1.c:454:7: warning: ‘strncpy’ output may be truncated copying 31 bytes from a string of length 31 [-Wstringop-truncation]
     input1.c:455:7: warning: ‘strncpy’ output may be truncated copying 31 bytes from a string of length 31 [-Wstringop-truncation]
     input3.c:604:2: warning: ‘strncpy’ output may be truncated copying 31 bytes from a string of length 31 [-Wstringop-truncation]
Flavors: r-devel-linux-x86_64-debian-gcc, r-devel-linux-x86_64-fedora-gcc, r-patched-linux-x86_64, r-release-linux-x86_64