CRAN Package Check Results for Package epanet2toolkit

Last updated on 2019-07-16 01:50:18 CEST.

Flavor Version Tinstall Tcheck Ttotal Status Flags
r-devel-linux-x86_64-debian-clang 0.3.2 10.89 26.09 36.98 NOTE
r-devel-linux-x86_64-debian-gcc 0.3.2 8.13 21.21 29.34 WARN
r-devel-linux-x86_64-fedora-clang 0.3.2 47.00 NOTE
r-devel-linux-x86_64-fedora-gcc 0.3.2 45.53 WARN
r-devel-windows-ix86+x86_64 0.3.2 43.00 52.00 95.00 OK
r-patched-linux-x86_64 0.3.2 10.09 26.23 36.32 WARN
r-patched-solaris-x86 0.3.2 69.00 OK
r-release-linux-x86_64 0.3.2 10.04 26.48 36.52 WARN
r-release-windows-ix86+x86_64 0.3.2 36.00 83.00 119.00 OK
r-release-osx-x86_64 0.3.2 OK
r-oldrel-windows-ix86+x86_64 0.3.2 46.00 50.00 96.00 OK
r-oldrel-osx-x86_64 0.3.2 OK

Check Details

Version: 0.3.2
Check: for non-standard things in the check directory
Result: NOTE
    Found the following files/directories:
     'Net1.bin' 'Net1.rpt'
Flavors: r-devel-linux-x86_64-debian-clang, r-devel-linux-x86_64-debian-gcc, r-devel-linux-x86_64-fedora-clang, r-devel-linux-x86_64-fedora-gcc

Version: 0.3.2
Check: whether package can be installed
Result: WARN
    Found the following significant warnings:
     epanet.c:999:5: warning: ‘strncpy’ output may be truncated copying 31 bytes from a string of length 31 [-Wstringop-truncation]
     epanet.c:1000:5: warning: ‘strncpy’ output may be truncated copying 31 bytes from a string of length 31 [-Wstringop-truncation]
     epanet.c:1492:3: warning: ‘strncpy’ output may be truncated copying 31 bytes from a string of length 31 [-Wstringop-truncation]
     epanet.c:2308:7: warning: ‘strncpy’ output may be truncated copying 31 bytes from a string of length 31 [-Wstringop-truncation]
     epanet.c:2309:7: warning: ‘strncpy’ output may be truncated copying 31 bytes from a string of length 31 [-Wstringop-truncation]
     input1.c:454:7: warning: ‘strncpy’ output may be truncated copying 31 bytes from a string of length 31 [-Wstringop-truncation]
     input1.c:455:7: warning: ‘strncpy’ output may be truncated copying 31 bytes from a string of length 31 [-Wstringop-truncation]
     input3.c:604:2: warning: ‘strncpy’ output may be truncated copying 31 bytes from a string of length 31 [-Wstringop-truncation]
Flavors: r-devel-linux-x86_64-debian-gcc, r-devel-linux-x86_64-fedora-gcc, r-patched-linux-x86_64, r-release-linux-x86_64