CRAN Package Check Results for Package english

Last updated on 2019-11-12 00:52:42 CET.

Flavor Version Tinstall Tcheck Ttotal Status Flags
r-devel-linux-x86_64-debian-clang 1.2-3 1.98 21.32 23.30 NOTE
r-devel-linux-x86_64-debian-gcc 1.2-3 1.53 17.21 18.74 NOTE
r-devel-linux-x86_64-fedora-clang 1.2-3 29.97 OK
r-devel-linux-x86_64-fedora-gcc 1.2-3 30.51 OK
r-devel-windows-ix86+x86_64 1.2-3 6.00 41.00 47.00 NOTE
r-patched-linux-x86_64 1.2-3 1.28 21.05 22.33 OK
r-patched-solaris-x86 1.2-3 39.00 OK
r-release-linux-x86_64 1.2-3 1.63 20.90 22.53 OK
r-release-windows-ix86+x86_64 1.2-3 7.00 38.00 45.00 OK
r-release-osx-x86_64 1.2-3 OK
r-oldrel-windows-ix86+x86_64 1.2-3 3.00 58.00 61.00 OK
r-oldrel-osx-x86_64 1.2-3 OK

Check Details

Version: 1.2-3
Check: package vignettes
Result: NOTE
    Package vignette with placeholder title 'Vignette Title':
     'the-english-patient.Rmd'
Flavors: r-devel-linux-x86_64-debian-clang, r-devel-linux-x86_64-debian-gcc, r-devel-windows-ix86+x86_64