CRAN Package Check Results for Package english

Last updated on 2019-07-21 01:46:53 CEST.

Flavor Version Tinstall Tcheck Ttotal Status Flags
r-devel-linux-x86_64-debian-clang 1.2-3 1.77 21.07 22.84 NOTE
r-devel-linux-x86_64-debian-gcc 1.2-3 1.32 17.77 19.09 NOTE
r-devel-linux-x86_64-fedora-clang 1.2-3 28.44 OK
r-devel-linux-x86_64-fedora-gcc 1.2-3 27.56 OK
r-devel-windows-ix86+x86_64 1.2-3 4.00 53.00 57.00 NOTE
r-patched-linux-x86_64 1.2-3 1.59 21.45 23.04 OK
r-patched-solaris-x86 1.2-3 42.10 OK
r-release-linux-x86_64 1.2-3 1.78 21.52 23.30 OK
r-release-windows-ix86+x86_64 1.2-3 4.00 40.00 44.00 OK
r-release-osx-x86_64 1.2-3 OK
r-oldrel-windows-ix86+x86_64 1.2-3 3.00 50.00 53.00 OK
r-oldrel-osx-x86_64 1.2-3 OK

Check Details

Version: 1.2-3
Check: package vignettes
Result: NOTE
    Package vignette with placeholder title 'Vignette Title':
     'the-english-patient.Rmd'
Flavors: r-devel-linux-x86_64-debian-clang, r-devel-linux-x86_64-debian-gcc, r-devel-windows-ix86+x86_64