CRAN Package Check Results for Package emojifont

Last updated on 2019-05-24 01:47:18 CEST.

Flavor Version Tinstall Tcheck Ttotal Status Flags
r-devel-linux-x86_64-debian-clang 0.5.2 3.94 40.73 44.67 OK
r-devel-linux-x86_64-debian-gcc 0.5.2 3.29 32.31 35.60 OK
r-devel-linux-x86_64-fedora-clang 0.5.2 52.03 NOTE
r-devel-linux-x86_64-fedora-gcc 0.5.2 50.28 OK
r-devel-windows-ix86+x86_64 0.5.2 12.00 59.00 71.00 NOTE
r-patched-linux-x86_64 0.5.2 4.08 39.83 43.91 OK
r-patched-solaris-x86 0.5.2 77.00 NOTE
r-release-linux-x86_64 0.5.2 4.41 39.60 44.01 OK
r-release-windows-ix86+x86_64 0.5.2 19.00 77.00 96.00 NOTE
r-release-osx-x86_64 0.5.2 NOTE
r-oldrel-windows-ix86+x86_64 0.5.2 7.00 51.00 58.00 NOTE
r-oldrel-osx-x86_64 0.5.2 NOTE

Check Details

Version: 0.5.2
Check: installed package size
Result: NOTE
     installed size is 7.1Mb
     sub-directories of 1Mb or more:
     emoji_fonts 6.5Mb
Flavors: r-devel-linux-x86_64-fedora-clang, r-devel-windows-ix86+x86_64, r-patched-solaris-x86, r-release-windows-ix86+x86_64, r-release-osx-x86_64, r-oldrel-windows-ix86+x86_64, r-oldrel-osx-x86_64