CRAN Package Check Results for Package emojifont

Last updated on 2019-08-17 02:47:34 CEST.

Flavor Version Tinstall Tcheck Ttotal Status Flags
r-devel-linux-x86_64-debian-clang 0.5.2 4.46 40.46 44.92 OK
r-devel-linux-x86_64-debian-gcc 0.5.2 3.70 31.51 35.21 OK
r-devel-linux-x86_64-fedora-clang 0.5.2 52.27 NOTE
r-devel-linux-x86_64-fedora-gcc 0.5.2 49.49 OK
r-devel-windows-ix86+x86_64 0.5.2 20.00 74.00 94.00 NOTE
r-patched-linux-x86_64 0.5.2 4.26 39.33 43.59 OK
r-patched-solaris-x86 0.5.2 81.20 NOTE
r-release-linux-x86_64 0.5.2 4.29 39.13 43.42 OK
r-release-windows-ix86+x86_64 0.5.2 19.00 85.00 104.00 NOTE
r-release-osx-x86_64 0.5.2 NOTE
r-oldrel-windows-ix86+x86_64 0.5.2 14.00 76.00 90.00 NOTE
r-oldrel-osx-x86_64 0.5.2 NOTE

Check Details

Version: 0.5.2
Check: installed package size
Result: NOTE
     installed size is 7.1Mb
     sub-directories of 1Mb or more:
     emoji_fonts 6.5Mb
Flavors: r-devel-linux-x86_64-fedora-clang, r-devel-windows-ix86+x86_64, r-patched-solaris-x86, r-release-windows-ix86+x86_64, r-release-osx-x86_64, r-oldrel-windows-ix86+x86_64, r-oldrel-osx-x86_64