CRAN Package Check Results for Package emmeans

Last updated on 2019-12-05 00:51:52 CET.

Flavor Version Tinstall Tcheck Ttotal Status Flags
r-devel-linux-x86_64-debian-clang 1.4.3.01 13.21 200.54 213.75 OK
r-devel-linux-x86_64-debian-gcc 1.4.3.01 9.73 152.66 162.39 OK
r-devel-linux-x86_64-fedora-clang 1.4.3.01 264.65 OK
r-devel-linux-x86_64-fedora-gcc 1.4.3.01 260.08 OK
r-devel-windows-ix86+x86_64 1.4.3.01 33.00 198.00 231.00 ERROR
r-devel-windows-ix86+x86_64-gcc8 1.4.3.01 24.00 213.00 237.00 OK
r-patched-linux-x86_64 1.4.3.01 10.82 179.93 190.75 OK
r-patched-solaris-x86 1.4.3.01 287.50 OK
r-release-linux-x86_64 1.4.3.01 11.26 192.93 204.19 OK
r-release-windows-ix86+x86_64 1.4.3.01 36.00 282.00 318.00 OK
r-release-osx-x86_64 1.4.3.01 OK
r-oldrel-windows-ix86+x86_64 1.4.3.01 18.00 212.00 230.00 OK
r-oldrel-osx-x86_64 1.4.3.01 OK

Check Details

Version: 1.4.3.01
Check: examples
Result: ERROR
    Running examples in 'emmeans-Ex.R' failed
    The error most likely occurred in:
    
    > ### Name: auto.noise
    > ### Title: Auto Pollution Filter Noise
    > ### Aliases: auto.noise
    > ### Keywords: datasets
    >
    > ### ** Examples
    >
    > noise.lm <- lm(noise ~ size * type * side, data = auto.noise)
    >
    > # Interaction plot of predictions
    > emmip(noise.lm, type ~ size | side)
    >
    > # Confidence intervals
    > plot(emmeans(noise.lm, ~ size | side*type))
    Error in loadNamespace(i, c(lib.loc, .libPaths()), versionCheck = vI[[i]]) :
     there is no package called 'stringi'
    Calls: <Anonymous> ... loadNamespace -> withRestarts -> withOneRestart -> doWithOneRestart
    Execution halted
Flavor: r-devel-windows-ix86+x86_64

Version: 1.4.3.01
Check: re-building of vignette outputs
Result: WARN
    Error(s) in re-building vignettes:
    --- re-building 'FAQs.Rmd' using rmarkdown
    Error: processing vignette 'FAQs.Rmd' failed with diagnostics:
    there is no package called 'stringi'
    --- failed re-building 'FAQs.Rmd'
    
    --- re-building 'basics.Rmd' using rmarkdown
    Error: processing vignette 'basics.Rmd' failed with diagnostics:
    there is no package called 'stringi'
    --- failed re-building 'basics.Rmd'
    
    --- re-building 'comparisons.Rmd' using rmarkdown
    Error: processing vignette 'comparisons.Rmd' failed with diagnostics:
    there is no package called 'stringi'
    --- failed re-building 'comparisons.Rmd'
    
    --- re-building 'confidence-intervals.Rmd' using rmarkdown
    Error: processing vignette 'confidence-intervals.Rmd' failed with diagnostics:
    there is no package called 'stringi'
    --- failed re-building 'confidence-intervals.Rmd'
    
    --- re-building 'interactions.Rmd' using rmarkdown
    Error: processing vignette 'interactions.Rmd' failed with diagnostics:
    there is no package called 'stringi'
    --- failed re-building 'interactions.Rmd'
    
    --- re-building 'messy-data.Rmd' using rmarkdown
    Error: processing vignette 'messy-data.Rmd' failed with diagnostics:
    there is no package called 'stringi'
    --- failed re-building 'messy-data.Rmd'
    
    --- re-building 'models.Rmd' using rmarkdown
    Error: processing vignette 'models.Rmd' failed with diagnostics:
    there is no package called 'stringi'
    --- failed re-building 'models.Rmd'
    
    --- re-building 'predictions.Rmd' using rmarkdown
    Error: processing vignette 'predictions.Rmd' failed with diagnostics:
    there is no package called 'stringi'
    --- failed re-building 'predictions.Rmd'
    
    --- re-building 'sophisticated.Rmd' using rmarkdown
    Error: processing vignette 'sophisticated.Rmd' failed with diagnostics:
    there is no package called 'stringi'
    --- failed re-building 'sophisticated.Rmd'
    
    --- re-building 'transformations.Rmd' using rmarkdown
    Error: processing vignette 'transformations.Rmd' failed with diagnostics:
    there is no package called 'stringi'
    --- failed re-building 'transformations.Rmd'
    
    --- re-building 'utilities.Rmd' using rmarkdown
    Error: processing vignette 'utilities.Rmd' failed with diagnostics:
    there is no package called 'stringi'
    --- failed re-building 'utilities.Rmd'
    
    --- re-building 'vignette-topics.Rmd' using rmarkdown
    Error: processing vignette 'vignette-topics.Rmd' failed with diagnostics:
    there is no package called 'stringi'
    --- failed re-building 'vignette-topics.Rmd'
    
    --- re-building 'xtending.Rmd' using rmarkdown
    Error: processing vignette 'xtending.Rmd' failed with diagnostics:
    there is no package called 'stringi'
    --- failed re-building 'xtending.Rmd'
    
    SUMMARY: processing the following files failed:
     'FAQs.Rmd' 'basics.Rmd' 'comparisons.Rmd' 'confidence-intervals.Rmd'
     'interactions.Rmd' 'messy-data.Rmd' 'models.Rmd' 'predictions.Rmd'
     'sophisticated.Rmd' 'transformations.Rmd' 'utilities.Rmd'
     'vignette-topics.Rmd' 'xtending.Rmd'
    
    Error: Vignette re-building failed.
    Execution halted
Flavor: r-devel-windows-ix86+x86_64