CRAN Package Check Results for Package eiPartialID

Last updated on 2019-09-15 01:46:53 CEST.

Flavor Version Tinstall Tcheck Ttotal Status Flags
r-devel-linux-x86_64-debian-clang 0.1.2 2.70 22.26 24.96 OK
r-devel-linux-x86_64-debian-gcc 0.1.2 2.05 18.01 20.06 OK
r-devel-linux-x86_64-fedora-clang 0.1.2 30.71 NOTE
r-devel-linux-x86_64-fedora-gcc 0.1.2 29.12 NOTE
r-devel-windows-ix86+x86_64 0.1.2 9.00 38.00 47.00 OK
r-patched-linux-x86_64 0.1.2 2.55 22.42 24.97 OK
r-patched-solaris-x86 0.1.2 44.40 NOTE
r-release-linux-x86_64 0.1.2 2.46 22.24 24.70 OK
r-release-windows-ix86+x86_64 0.1.2 6.00 42.00 48.00 OK
r-release-osx-x86_64 0.1.2 NOTE
r-oldrel-windows-ix86+x86_64 0.1.2 4.00 34.00 38.00 OK
r-oldrel-osx-x86_64 0.1.2 NOTE

Check Details

Version: 0.1.2
Check: dependencies in R code
Result: NOTE
    Namespaces in Imports field not imported from:
     ‘MASS’ ‘eco’
     All declared Imports should be used.
Flavors: r-devel-linux-x86_64-fedora-clang, r-devel-linux-x86_64-fedora-gcc, r-patched-solaris-x86, r-release-osx-x86_64, r-oldrel-osx-x86_64