CRAN Package Check Results for Package eiPartialID

Last updated on 2019-06-25 01:48:55 CEST.

Flavor Version Tinstall Tcheck Ttotal Status Flags
r-devel-linux-x86_64-debian-clang 0.1.2 1.99 22.32 24.31 OK
r-devel-linux-x86_64-debian-gcc 0.1.2 1.92 17.66 19.58 OK
r-devel-linux-x86_64-fedora-clang 0.1.2 30.11 NOTE
r-devel-linux-x86_64-fedora-gcc 0.1.2 28.90 NOTE
r-devel-windows-ix86+x86_64 0.1.2 7.00 36.00 43.00 OK
r-patched-linux-x86_64 0.1.2 1.96 22.08 24.04 OK
r-patched-solaris-x86 0.1.2 47.00 NOTE
r-release-linux-x86_64 0.1.2 1.91 22.73 24.64 OK
r-release-windows-ix86+x86_64 0.1.2 5.00 58.00 63.00 OK
r-release-osx-x86_64 0.1.2 NOTE
r-oldrel-windows-ix86+x86_64 0.1.2 3.00 48.00 51.00 OK
r-oldrel-osx-x86_64 0.1.2 NOTE

Check Details

Version: 0.1.2
Check: dependencies in R code
Result: NOTE
    Namespaces in Imports field not imported from:
     ‘MASS’ ‘eco’
     All declared Imports should be used.
Flavors: r-devel-linux-x86_64-fedora-clang, r-devel-linux-x86_64-fedora-gcc, r-patched-solaris-x86, r-release-osx-x86_64, r-oldrel-osx-x86_64