CRAN Package Check Results for Package eegkitdata

Last updated on 2020-01-27 00:48:01 CET.

Flavor Version Tinstall Tcheck Ttotal Status Flags
r-devel-linux-x86_64-debian-clang 1.0 1.94 19.45 21.39 NOTE
r-devel-linux-x86_64-debian-gcc 1.0 1.64 15.95 17.59 NOTE
r-devel-linux-x86_64-fedora-clang 1.0 26.89 NOTE
r-devel-linux-x86_64-fedora-gcc 1.0 28.09 NOTE
r-devel-windows-ix86+x86_64 1.0 7.00 33.00 40.00 NOTE
r-devel-windows-ix86+x86_64-gcc8 1.0 5.00 42.00 47.00 NOTE
r-patched-linux-x86_64 1.0 1.41 18.34 19.75 NOTE
r-patched-solaris-x86 1.0 42.20 NOTE
r-release-linux-x86_64 1.0 1.44 18.30 19.74 NOTE
r-release-windows-ix86+x86_64 1.0 4.00 44.00 48.00 NOTE
r-release-osx-x86_64 1.0 NOTE
r-oldrel-windows-ix86+x86_64 1.0 2.00 29.00 31.00 NOTE
r-oldrel-osx-x86_64 1.0 NOTE

Check Details

Version: 1.0
Check: R code for possible problems
Result: NOTE
    geteegdata: no visible global function definition for 'untar'
    geteegdata: no visible global function definition for 'read.table'
    geteegdata: no visible global function definition for 'write.csv'
    geteegdata: no visible global function definition for 'write.table'
    Undefined global functions or variables:
     read.table untar write.csv write.table
    Consider adding
     importFrom("utils", "read.table", "untar", "write.csv", "write.table")
    to your NAMESPACE file.
Flavors: r-devel-linux-x86_64-debian-clang, r-devel-linux-x86_64-debian-gcc, r-devel-linux-x86_64-fedora-clang, r-devel-linux-x86_64-fedora-gcc, r-devel-windows-ix86+x86_64, r-devel-windows-ix86+x86_64-gcc8, r-patched-linux-x86_64, r-patched-solaris-x86, r-release-linux-x86_64, r-release-windows-ix86+x86_64, r-release-osx-x86_64, r-oldrel-windows-ix86+x86_64, r-oldrel-osx-x86_64