CRAN Package Check Results for Package eegkitdata

Last updated on 2019-09-15 01:46:52 CEST.

Flavor Version Tinstall Tcheck Ttotal Status Flags
r-devel-linux-x86_64-debian-clang 1.0 1.95 18.94 20.89 NOTE
r-devel-linux-x86_64-debian-gcc 1.0 1.46 15.53 16.99 NOTE
r-devel-linux-x86_64-fedora-clang 1.0 25.25 NOTE
r-devel-linux-x86_64-fedora-gcc 1.0 24.56 NOTE
r-devel-windows-ix86+x86_64 1.0 7.00 43.00 50.00 NOTE
r-patched-linux-x86_64 1.0 1.62 18.90 20.52 NOTE
r-patched-solaris-x86 1.0 44.20 NOTE
r-release-linux-x86_64 1.0 1.37 19.08 20.45 NOTE
r-release-windows-ix86+x86_64 1.0 4.00 44.00 48.00 NOTE
r-release-osx-x86_64 1.0 NOTE
r-oldrel-windows-ix86+x86_64 1.0 2.00 29.00 31.00 NOTE
r-oldrel-osx-x86_64 1.0 NOTE

Check Details

Version: 1.0
Check: R code for possible problems
Result: NOTE
    geteegdata: no visible global function definition for 'untar'
    geteegdata: no visible global function definition for 'read.table'
    geteegdata: no visible global function definition for 'write.csv'
    geteegdata: no visible global function definition for 'write.table'
    Undefined global functions or variables:
     read.table untar write.csv write.table
    Consider adding
     importFrom("utils", "read.table", "untar", "write.csv", "write.table")
    to your NAMESPACE file.
Flavors: r-devel-linux-x86_64-debian-clang, r-devel-linux-x86_64-debian-gcc, r-devel-linux-x86_64-fedora-clang, r-devel-linux-x86_64-fedora-gcc, r-devel-windows-ix86+x86_64, r-patched-linux-x86_64, r-patched-solaris-x86, r-release-linux-x86_64, r-release-windows-ix86+x86_64, r-release-osx-x86_64, r-oldrel-windows-ix86+x86_64, r-oldrel-osx-x86_64