CRAN Package Check Results for Package ecoval

Last updated on 2019-03-22 00:46:39 CET.

Flavor Version Tinstall Tcheck Ttotal Status Flags
r-devel-linux-x86_64-debian-clang 1.2.2 10.87 63.35 74.22 OK
r-devel-linux-x86_64-debian-gcc 1.2.2 12.34 47.52 59.86 OK
r-devel-linux-x86_64-fedora-clang 1.2.2 53.12 NOTE
r-devel-linux-x86_64-fedora-gcc 1.2.2 50.48 NOTE
r-devel-windows-ix86+x86_64 1.2.2 24.00 88.00 112.00 OK
r-patched-linux-x86_64 1.2.2 11.59 60.79 72.38 OK
r-patched-solaris-x86 1.2.2 107.20 NOTE
r-release-linux-x86_64 1.2.2 10.44 60.31 70.75 OK
r-release-windows-ix86+x86_64 1.2.2 18.00 75.00 93.00 OK
r-release-osx-x86_64 1.2.2 NOTE
r-oldrel-windows-ix86+x86_64 1.2.2 5.00 79.00 84.00 OK
r-oldrel-osx-x86_64 1.2.1 NOTE

Check Details

Version: 1.2.2
Check: data for non-ASCII characters
Result: NOTE
     Note: found 8 marked UTF-8 strings
Flavors: r-devel-linux-x86_64-fedora-clang, r-devel-linux-x86_64-fedora-gcc, r-patched-solaris-x86, r-release-osx-x86_64

Version: 1.2.1
Check: data for non-ASCII characters
Result: NOTE
     Note: found 8 marked UTF-8 strings
Flavor: r-oldrel-osx-x86_64