CRAN Package Check Results for Package ecoval

Last updated on 2019-05-20 01:46:31 CEST.

Flavor Version Tinstall Tcheck Ttotal Status Flags
r-devel-linux-x86_64-debian-clang 1.2.4 13.74 63.53 77.27 OK
r-devel-linux-x86_64-debian-gcc 1.2.4 11.36 48.99 60.35 OK
r-devel-linux-x86_64-fedora-clang 1.2.4 88.65 NOTE
r-devel-linux-x86_64-fedora-gcc 1.2.4 93.01 NOTE
r-devel-windows-ix86+x86_64 1.2.4 23.00 93.00 116.00 OK
r-patched-linux-x86_64 1.2.4 13.58 63.49 77.07 OK
r-patched-solaris-x86 1.2.4 113.30 NOTE
r-release-linux-x86_64 1.2.4 12.95 62.66 75.61 OK
r-release-windows-ix86+x86_64 1.2.4 21.00 73.00 94.00 OK
r-release-osx-x86_64 1.2.4 NOTE
r-oldrel-windows-ix86+x86_64 1.2.4 16.00 63.00 79.00 OK
r-oldrel-osx-x86_64 1.2.4 NOTE

Check Details

Version: 1.2.4
Check: data for non-ASCII characters
Result: NOTE
     Note: found 8 marked UTF-8 strings
Flavors: r-devel-linux-x86_64-fedora-clang, r-devel-linux-x86_64-fedora-gcc, r-patched-solaris-x86, r-release-osx-x86_64, r-oldrel-osx-x86_64