CRAN Package Check Results for Package earthtide

Last updated on 2019-07-23 01:49:50 CEST.

Flavor Version Tinstall Tcheck Ttotal Status Flags
r-devel-linux-x86_64-debian-clang 0.0.9 41.33 91.60 132.93 OK
r-devel-linux-x86_64-debian-gcc 0.0.9 36.04 72.60 108.64 OK
r-devel-linux-x86_64-fedora-clang 0.0.9 189.11 OK
r-devel-linux-x86_64-fedora-gcc 0.0.9 183.27 OK
r-devel-windows-ix86+x86_64 0.0.9 83.00 225.00 308.00 OK
r-patched-linux-x86_64 0.0.9 41.58 90.27 131.85 OK
r-patched-solaris-x86 0.0.9 689.50 OK
r-release-linux-x86_64 0.0.9 40.57 90.70 131.27 OK
r-release-windows-ix86+x86_64 0.0.9 86.00 136.00 222.00 OK
r-release-osx-x86_64 0.0.9 NOTE
r-oldrel-windows-ix86+x86_64 0.0.9 101.00 169.00 270.00 OK
r-oldrel-osx-x86_64 0.0.9 NOTE

Additional issues

clang-UBSAN

Check Details

Version: 0.0.9
Check: installed package size
Result: NOTE
     installed size is 5.6Mb
     sub-directories of 1Mb or more:
     R 1.4Mb
     libs 3.7Mb
Flavors: r-release-osx-x86_64, r-oldrel-osx-x86_64