CRAN Package Check Results for Package dynparam

Last updated on 2019-06-24 01:47:34 CEST.

Flavor Version Tinstall Tcheck Ttotal Status Flags
r-devel-linux-x86_64-debian-clang 1.0.0 9.31 84.75 94.06 OK
r-devel-linux-x86_64-debian-gcc 1.0.0 9.33 65.93 75.26 OK
r-devel-linux-x86_64-fedora-clang 1.0.0 111.36 NOTE
r-devel-linux-x86_64-fedora-gcc 1.0.0 105.44 NOTE
r-devel-windows-ix86+x86_64 1.0.0 35.00 108.00 143.00 OK
r-patched-linux-x86_64 1.0.0 10.13 81.68 91.81 OK
r-patched-solaris-x86 1.0.0 176.70 NOTE
r-release-linux-x86_64 1.0.0 10.57 82.06 92.63 OK
r-release-windows-ix86+x86_64 1.0.0 23.00 175.00 198.00 OK
r-release-osx-x86_64 1.0.0 NOTE
r-oldrel-windows-ix86+x86_64 1.0.0 13.00 163.00 176.00 OK
r-oldrel-osx-x86_64 1.0.0 NOTE

Check Details

Version: 1.0.0
Check: dependencies in R code
Result: NOTE
    Namespace in Imports field not imported from: ‘testthat’
     All declared Imports should be used.
Flavors: r-devel-linux-x86_64-fedora-clang, r-devel-linux-x86_64-fedora-gcc, r-patched-solaris-x86, r-release-osx-x86_64, r-oldrel-osx-x86_64