CRAN Package Check Results for Package dynparam

Last updated on 2019-09-17 01:50:07 CEST.

Flavor Version Tinstall Tcheck Ttotal Status Flags
r-devel-linux-x86_64-debian-clang 1.0.0 11.16 87.83 98.99 OK
r-devel-linux-x86_64-debian-gcc 1.0.0 OK
r-devel-linux-x86_64-fedora-clang 1.0.0 116.05 NOTE
r-devel-linux-x86_64-fedora-gcc 1.0.0 115.71 NOTE
r-devel-windows-ix86+x86_64 1.0.0 41.00 158.00 199.00 OK
r-patched-linux-x86_64 1.0.0 9.82 83.08 92.90 OK
r-patched-solaris-x86 1.0.0 164.60 NOTE
r-release-linux-x86_64 1.0.0 10.05 83.90 93.95 OK
r-release-windows-ix86+x86_64 1.0.0 26.00 104.00 130.00 OK
r-release-osx-x86_64 1.0.0 NOTE
r-oldrel-windows-ix86+x86_64 1.0.0 23.00 142.00 165.00 OK
r-oldrel-osx-x86_64 1.0.0 NOTE

Check Details

Version: 1.0.0
Check: dependencies in R code
Result: NOTE
    Namespace in Imports field not imported from: ‘testthat’
     All declared Imports should be used.
Flavors: r-devel-linux-x86_64-fedora-clang, r-devel-linux-x86_64-fedora-gcc, r-patched-solaris-x86, r-release-osx-x86_64, r-oldrel-osx-x86_64