CRAN Package Check Results for Package dse

Last updated on 2019-05-20 01:46:31 CEST.

Flavor Version Tinstall Tcheck Ttotal Status Flags
r-devel-linux-x86_64-debian-clang 2015.12-1 15.44 483.63 499.07 OK
r-devel-linux-x86_64-debian-gcc 2015.12-1 12.54 374.07 386.61 OK
r-devel-linux-x86_64-fedora-clang 2015.12-1 554.87 NOTE
r-devel-linux-x86_64-fedora-gcc 2015.12-1 560.77 NOTE
r-devel-windows-ix86+x86_64 2015.12-1 43.00 212.00 255.00 OK
r-patched-linux-x86_64 2015.12-1 12.18 485.70 497.88 OK
r-patched-solaris-x86 2015.12-1 176.20 OK
r-release-linux-x86_64 2015.12-1 13.88 471.11 484.99 OK
r-release-windows-ix86+x86_64 2015.12-1 37.00 193.00 230.00 OK
r-release-osx-x86_64 2015.12-1 OK
r-oldrel-windows-ix86+x86_64 2015.12-1 34.00 190.00 224.00 OK
r-oldrel-osx-x86_64 2015.12-1 OK

Check Details

Version: 2015.12-1
Check: compiled code
Result: NOTE
    File ‘dse/libs/dse.so’:
     Found no calls to: ‘R_registerRoutines’, ‘R_useDynamicSymbols’
    
    It is good practice to register native routines and to disable symbol
    search.
    
    See ‘Writing portable packages’ in the ‘Writing R Extensions’ manual.
Flavors: r-devel-linux-x86_64-fedora-clang, r-devel-linux-x86_64-fedora-gcc