CRAN Package Check Results for Package dse

Last updated on 2019-07-16 01:50:17 CEST.

Flavor Version Tinstall Tcheck Ttotal Status Flags
r-devel-linux-x86_64-debian-clang 2015.12-1 13.68 506.33 520.01 OK
r-devel-linux-x86_64-debian-gcc 2015.12-1 12.08 389.46 401.54 OK
r-devel-linux-x86_64-fedora-clang 2015.12-1 643.44 NOTE
r-devel-linux-x86_64-fedora-gcc 2015.12-1 671.06 NOTE
r-devel-windows-ix86+x86_64 2015.12-1 40.00 146.00 186.00 OK
r-patched-linux-x86_64 2015.12-1 14.23 506.54 520.77 OK
r-patched-solaris-x86 2015.12-1 199.90 OK
r-release-linux-x86_64 2015.12-1 14.60 500.69 515.29 OK
r-release-windows-ix86+x86_64 2015.12-1 27.00 209.00 236.00 OK
r-release-osx-x86_64 2015.12-1 OK
r-oldrel-windows-ix86+x86_64 2015.12-1 34.00 137.00 171.00 OK
r-oldrel-osx-x86_64 2015.12-1 OK

Check Details

Version: 2015.12-1
Check: compiled code
Result: NOTE
    File ‘dse/libs/dse.so’:
     Found no calls to: ‘R_registerRoutines’, ‘R_useDynamicSymbols’
    
    It is good practice to register native routines and to disable symbol
    search.
    
    See ‘Writing portable packages’ in the ‘Writing R Extensions’ manual.
Flavors: r-devel-linux-x86_64-fedora-clang, r-devel-linux-x86_64-fedora-gcc