CRAN Package Check Results for Package dsample

Last updated on 2019-12-11 00:49:16 CET.

Flavor Version Tinstall Tcheck Ttotal Status Flags
r-devel-linux-x86_64-debian-clang 0.91.2.2 1.93 18.21 20.14 NOTE
r-devel-linux-x86_64-debian-gcc 0.91.2.2 1.47 14.70 16.17 NOTE
r-devel-linux-x86_64-fedora-clang 0.91.2.2 25.42 NOTE
r-devel-linux-x86_64-fedora-gcc 0.91.2.2 24.53 NOTE
r-devel-windows-ix86+x86_64 0.91.2.2 4.00 49.00 53.00 NOTE
r-devel-windows-ix86+x86_64-gcc8 0.91.2.2 5.00 31.00 36.00 NOTE
r-patched-linux-x86_64 0.91.2.2 1.40 16.82 18.22 NOTE
r-patched-solaris-x86 0.91.2.2 36.10 NOTE
r-release-linux-x86_64 0.91.2.2 1.52 17.18 18.70 NOTE
r-release-windows-ix86+x86_64 0.91.2.2 4.00 31.00 35.00 NOTE
r-release-osx-x86_64 0.91.2.2 NOTE
r-oldrel-windows-ix86+x86_64 0.91.2.2 2.00 31.00 33.00 NOTE
r-oldrel-osx-x86_64 0.91.2.2 NOTE

Check Details

Version: 0.91.2.2
Check: DESCRIPTION meta-information
Result: NOTE
    BugReports field is not a suitable URL but appears to contain an email address
     not specified by mailto: nor contained in < >
     use the Contact field instead
Flavors: r-devel-linux-x86_64-debian-clang, r-devel-linux-x86_64-debian-gcc, r-devel-linux-x86_64-fedora-clang, r-devel-linux-x86_64-fedora-gcc, r-devel-windows-ix86+x86_64, r-devel-windows-ix86+x86_64-gcc8, r-patched-linux-x86_64, r-patched-solaris-x86

Version: 0.91.2.2
Check: DESCRIPTION meta-information
Result: NOTE
    BugReports field is not a suitable URL but appears to contain an email address
     not specified by mailto: nor contained in < >
Flavors: r-release-linux-x86_64, r-release-windows-ix86+x86_64, r-release-osx-x86_64, r-oldrel-windows-ix86+x86_64, r-oldrel-osx-x86_64