CRAN Package Check Results for Package dsample

Last updated on 2019-08-23 01:47:24 CEST.

Flavor Version Tinstall Tcheck Ttotal Status Flags
r-devel-linux-x86_64-debian-clang 0.91.2.2 1.89 18.01 19.90 NOTE
r-devel-linux-x86_64-debian-gcc 0.91.2.2 1.46 14.23 15.69 NOTE
r-devel-linux-x86_64-fedora-clang 0.91.2.2 25.37 NOTE
r-devel-linux-x86_64-fedora-gcc 0.91.2.2 23.29 NOTE
r-devel-windows-ix86+x86_64 0.91.2.2 9.00 32.00 41.00 NOTE
r-patched-linux-x86_64 0.91.2.2 1.57 17.68 19.25 NOTE
r-patched-solaris-x86 0.91.2.2 41.20 NOTE
r-release-linux-x86_64 0.91.2.2 1.53 17.55 19.08 NOTE
r-release-windows-ix86+x86_64 0.91.2.2 8.00 46.00 54.00 NOTE
r-release-osx-x86_64 0.91.2.2 NOTE
r-oldrel-windows-ix86+x86_64 0.91.2.2 4.00 40.00 44.00 NOTE
r-oldrel-osx-x86_64 0.91.2.2 NOTE

Check Details

Version: 0.91.2.2
Check: DESCRIPTION meta-information
Result: NOTE
    BugReports field is not a suitable URL but appears to contain an email address
     not specified by mailto: nor contained in < >
Flavors: r-devel-linux-x86_64-debian-clang, r-devel-linux-x86_64-debian-gcc, r-devel-linux-x86_64-fedora-clang, r-devel-linux-x86_64-fedora-gcc, r-devel-windows-ix86+x86_64, r-patched-linux-x86_64, r-patched-solaris-x86, r-release-linux-x86_64, r-release-windows-ix86+x86_64, r-release-osx-x86_64, r-oldrel-windows-ix86+x86_64, r-oldrel-osx-x86_64