CRAN Package Check Results for Package doSNOW

Last updated on 2019-09-17 01:50:07 CEST.

Flavor Version Tinstall Tcheck Ttotal Status Flags
r-devel-linux-x86_64-debian-clang 1.0.18 2.01 19.90 21.91 NOTE
r-devel-linux-x86_64-debian-gcc 1.0.18 NOTE
r-devel-linux-x86_64-fedora-clang 1.0.18 28.06 OK
r-devel-linux-x86_64-fedora-gcc 1.0.18 26.69 OK
r-devel-windows-ix86+x86_64 1.0.18 6.00 37.00 43.00 OK
r-patched-linux-x86_64 1.0.18 1.80 19.58 21.38 NOTE
r-patched-solaris-x86 1.0.18 45.70 OK
r-release-linux-x86_64 1.0.18 1.92 20.40 22.32 NOTE
r-release-windows-ix86+x86_64 1.0.18 4.00 54.00 58.00 OK
r-release-osx-x86_64 1.0.18 OK
r-oldrel-windows-ix86+x86_64 1.0.18 4.00 34.00 38.00 OK
r-oldrel-osx-x86_64 1.0.18 OK

Check Details

Version: 1.0.18
Check: R code for possible problems
Result: NOTE
    Found the following calls to attach():
    File 'doSNOW/R/doSNOW.R':
     attach(exportEnv)
    See section 'Good practice' in '?attach'.
Flavors: r-devel-linux-x86_64-debian-clang, r-devel-linux-x86_64-debian-gcc, r-patched-linux-x86_64, r-release-linux-x86_64