CRAN Package Check Results for Package doSNOW

Last updated on 2019-06-19 01:46:59 CEST.

Flavor Version Tinstall Tcheck Ttotal Status Flags
r-devel-linux-x86_64-debian-clang 1.0.16 1.77 20.37 22.14 NOTE
r-devel-linux-x86_64-debian-gcc 1.0.16 1.35 16.52 17.87 NOTE
r-devel-linux-x86_64-fedora-clang 1.0.16 26.82 OK
r-devel-linux-x86_64-fedora-gcc 1.0.16 25.41 OK
r-devel-windows-ix86+x86_64 1.0.16 9.00 53.00 62.00 OK
r-patched-linux-x86_64 1.0.16 2.05 20.52 22.57 NOTE
r-patched-solaris-x86 1.0.16 45.40 OK
r-release-linux-x86_64 1.0.16 2.11 20.18 22.29 NOTE
r-release-windows-ix86+x86_64 1.0.16 7.00 50.00 57.00 OK
r-release-osx-x86_64 1.0.16 OK
r-oldrel-windows-ix86+x86_64 1.0.16 2.00 39.00 41.00 OK
r-oldrel-osx-x86_64 1.0.16 OK

Check Details

Version: 1.0.16
Check: R code for possible problems
Result: NOTE
    Found the following calls to attach():
    File 'doSNOW/R/doSNOW.R':
     attach(exportEnv)
    See section 'Good practice' in '?attach'.
Flavors: r-devel-linux-x86_64-debian-clang, r-devel-linux-x86_64-debian-gcc, r-patched-linux-x86_64, r-release-linux-x86_64